Last updated on 2024-08-25 05:49:27 CEST.
Flavor | Version | Tinstall | Tcheck | Ttotal | Status | Flags |
---|---|---|---|---|---|---|
r-devel-linux-x86_64-debian-clang | 0.2.2 | 21.05 | 29.67 | 50.72 | OK | |
r-devel-linux-x86_64-debian-gcc | 0.2.2 | 13.78 | 22.96 | 36.74 | OK | |
r-devel-linux-x86_64-fedora-clang | 0.2.2 | 92.04 | OK | |||
r-devel-linux-x86_64-fedora-gcc | 0.2.2 | 91.10 | OK | |||
r-devel-windows-x86_64 | 0.2.2 | 24.00 | 72.00 | 96.00 | OK | |
r-patched-linux-x86_64 | 0.2.2 | 20.08 | 28.43 | 48.51 | OK | |
r-release-linux-x86_64 | 0.2.2 | 20.13 | 28.10 | 48.23 | OK | |
r-release-macos-arm64 | 0.2.2 | 29.00 | OK | |||
r-release-macos-x86_64 | 0.2.2 | 55.00 | OK | |||
r-release-windows-x86_64 | 0.2.2 | 27.00 | 70.00 | 97.00 | OK | |
r-oldrel-macos-arm64 | 0.2.2 | 32.00 | OK | |||
r-oldrel-macos-x86_64 | 0.2.2 | 48.00 | NOTE | |||
r-oldrel-windows-x86_64 | 0.2.2 | 31.00 | 84.00 | 115.00 | OK |
Version: 0.2.2
Check: package dependencies
Result: NOTE
Package suggested but not available for checking: ‘statnet’
Flavor: r-oldrel-macos-x86_64