Last updated on 2025-11-16 04:48:44 CET.
| Flavor | Version | Tinstall | Tcheck | Ttotal | Status | Flags |
|---|---|---|---|---|---|---|
| r-devel-linux-x86_64-debian-clang | 3.9 | 22.95 | 106.02 | 128.97 | OK | |
| r-devel-linux-x86_64-debian-gcc | 3.9 | 12.00 | 67.71 | 79.71 | NOTE | |
| r-devel-linux-x86_64-fedora-clang | 3.9 | 43.00 | 153.15 | 196.15 | OK | |
| r-devel-linux-x86_64-fedora-gcc | 3.9 | 40.00 | 160.41 | 200.41 | OK | |
| r-devel-windows-x86_64 | 3.9 | 22.00 | 114.00 | 136.00 | OK | |
| r-patched-linux-x86_64 | 3.9 | 19.35 | 98.50 | 117.85 | OK | |
| r-release-linux-x86_64 | 3.9 | 21.13 | 97.19 | 118.32 | OK | |
| r-release-macos-arm64 | 3.9 | 10.00 | 55.00 | 65.00 | OK | |
| r-release-macos-x86_64 | 3.9 | 36.00 | 148.00 | 184.00 | OK | |
| r-release-windows-x86_64 | 3.9 | 18.00 | 114.00 | 132.00 | OK | |
| r-oldrel-macos-arm64 | 3.9 | 7.00 | 47.00 | 54.00 | OK | |
| r-oldrel-macos-x86_64 | 3.9 | 33.00 | 96.00 | 129.00 | OK | |
| r-oldrel-windows-x86_64 | 3.9 | 19.00 | 140.00 | 159.00 | OK |
Version: 3.9
Check: CRAN incoming feasibility
Result: NOTE
Maintainer: ‘Antonio Rivero Ostoic <multiplex@post.com>’
The BugReports field in DESCRIPTION has
https://github.com/mplex/multiplex/issues/
which should likely be
https://github.com/mplex/multiplex/issues/issues
instead.
Flavor: r-devel-linux-x86_64-debian-gcc