Last updated on 2025-11-16 04:48:44 CET.
| Flavor | Version | Tinstall | Tcheck | Ttotal | Status | Flags |
|---|---|---|---|---|---|---|
| r-devel-linux-x86_64-debian-clang | 2.1.1 | 13.76 | 100.62 | 114.38 | NOTE | |
| r-devel-linux-x86_64-debian-gcc | 2.1.1 | 8.09 | 71.10 | 79.19 | NOTE | |
| r-devel-linux-x86_64-fedora-clang | 2.1.1 | 26.00 | 145.86 | 171.86 | OK | |
| r-devel-linux-x86_64-fedora-gcc | 2.1.1 | 26.00 | 153.01 | 179.01 | OK | |
| r-devel-windows-x86_64 | 2.1.1 | 14.00 | 109.00 | 123.00 | OK | |
| r-patched-linux-x86_64 | 2.1.1 | 12.64 | 95.90 | 108.54 | OK | |
| r-release-linux-x86_64 | 2.1.1 | 12.16 | 96.32 | 108.48 | OK | |
| r-release-macos-arm64 | 2.1.1 | 7.00 | 82.00 | 89.00 | OK | |
| r-release-macos-x86_64 | 2.1.1 | 10.00 | 78.00 | 88.00 | OK | |
| r-release-windows-x86_64 | 2.1.1 | 15.00 | 110.00 | 125.00 | OK | |
| r-oldrel-macos-arm64 | 2.1.1 | 6.00 | 43.00 | 49.00 | OK | |
| r-oldrel-macos-x86_64 | 2.1.1 | 8.00 | 64.00 | 72.00 | OK | |
| r-oldrel-windows-x86_64 | 2.1.1 | 21.00 | 134.00 | 155.00 | OK |
Version: 2.1.1
Check: CRAN incoming feasibility
Result: NOTE
Maintainer: ‘Damiano Fantini <damiano.fantini@gmail.com>’
No Authors@R field in DESCRIPTION.
Please add one, modifying
Authors@R: c(person(given = "Damiano",
family = "Fantini",
role = c("aut", "cre"),
email = "damiano.fantini@gmail.com"),
person(given = "Vania",
family = "Vidimar",
role = "aut"),
person(given = c("Joshua", "J"),
family = "Meeks",
role = "aut"))
as necessary.
Flavors: r-devel-linux-x86_64-debian-clang, r-devel-linux-x86_64-debian-gcc