Last updated on 2025-02-22 04:51:21 CET.
Flavor | Version | Tinstall | Tcheck | Ttotal | Status | Flags |
---|---|---|---|---|---|---|
r-devel-linux-x86_64-debian-clang | 2.18.0 | 21.39 | 72.65 | 94.04 | OK | |
r-devel-linux-x86_64-debian-gcc | 2.18.0 | 16.28 | 51.31 | 67.59 | OK | |
r-devel-linux-x86_64-fedora-clang | 2.18.0 | 175.22 | OK | |||
r-devel-linux-x86_64-fedora-gcc | 2.18.0 | 145.15 | OK | |||
r-devel-macos-arm64 | 2.18.0 | 45.00 | OK | |||
r-devel-macos-x86_64 | 2.18.0 | 79.00 | OK | |||
r-devel-windows-x86_64 | 2.18.0 | 31.00 | 112.00 | 143.00 | OK | |
r-patched-linux-x86_64 | 2.18.0 | 23.90 | 68.28 | 92.18 | NOTE | |
r-release-linux-x86_64 | 2.18.0 | 22.32 | 68.06 | 90.38 | NOTE | |
r-release-macos-arm64 | 2.18.0 | 45.00 | NOTE | |||
r-release-macos-x86_64 | 2.18.0 | 59.00 | NOTE | |||
r-release-windows-x86_64 | 2.18.0 | 32.00 | 99.00 | 131.00 | NOTE | |
r-oldrel-macos-arm64 | 2.18.0 | 62.00 | NOTE | |||
r-oldrel-macos-x86_64 | 2.18.0 | 116.00 | NOTE | |||
r-oldrel-windows-x86_64 | 2.18.0 | 31.00 | 131.00 | 162.00 | NOTE |
Version: 2.18.0
Check: package dependencies
Result: NOTE
Package which this enhances but not available for checking: ‘asreml’
Flavors: r-patched-linux-x86_64, r-release-linux-x86_64, r-release-macos-arm64, r-release-macos-x86_64, r-release-windows-x86_64, r-oldrel-macos-arm64, r-oldrel-macos-x86_64, r-oldrel-windows-x86_64