Last updated on 2025-05-11 05:50:23 CEST.
Flavor | Version | Tinstall | Tcheck | Ttotal | Status | Flags |
---|---|---|---|---|---|---|
r-devel-linux-x86_64-debian-clang | 0.1.3 | 1.55 | 23.85 | 25.40 | NOTE | |
r-devel-linux-x86_64-debian-gcc | 0.1.3 | 1.28 | 18.86 | 20.14 | NOTE | |
r-devel-linux-x86_64-fedora-clang | 0.1.3 | 40.30 | OK | |||
r-devel-linux-x86_64-fedora-gcc | 0.1.3 | 40.36 | OK | |||
r-devel-windows-x86_64 | 0.1.3 | 3.00 | 44.00 | 47.00 | OK | |
r-patched-linux-x86_64 | 0.1.3 | 1.59 | 22.90 | 24.49 | OK | |
r-release-linux-x86_64 | 0.1.3 | 1.57 | 23.15 | 24.72 | OK | |
r-release-macos-arm64 | 0.1.3 | 18.00 | OK | |||
r-release-macos-x86_64 | 0.1.3 | 29.00 | OK | |||
r-release-windows-x86_64 | 0.1.3 | 5.00 | 46.00 | 51.00 | OK | |
r-oldrel-macos-arm64 | 0.1.3 | 21.00 | OK | |||
r-oldrel-macos-x86_64 | 0.1.3 | 28.00 | OK | |||
r-oldrel-windows-x86_64 | 0.1.3 | 4.00 | 50.00 | 54.00 | OK |
Version: 0.1.3
Check: CRAN incoming feasibility
Result: NOTE
Maintainer: ‘Kosei Abe <mail@recyclebin.jp>’
No Authors@R field in DESCRIPTION.
Please add one, modifying
Authors@R: person(given = "Kosei",
family = "Abe",
role = c("aut", "cre"),
email = "mail@recyclebin.jp")
as necessary.
Flavors: r-devel-linux-x86_64-debian-clang, r-devel-linux-x86_64-debian-gcc