CRAN Package Check Results for Package naturalsort

Last updated on 2025-10-25 05:50:10 CEST.

Flavor Version Tinstall Tcheck Ttotal Status Flags
r-devel-linux-x86_64-debian-clang 0.1.3 1.57 25.46 27.03 NOTE
r-devel-linux-x86_64-debian-gcc 0.1.3 1.38 20.42 21.80 NOTE
r-devel-linux-x86_64-fedora-clang 0.1.3 41.50 OK
r-devel-linux-x86_64-fedora-gcc 0.1.3 38.71 OK
r-devel-windows-x86_64 0.1.3 3.00 44.00 47.00 OK
r-patched-linux-x86_64 0.1.3 1.66 24.01 25.67 OK
r-release-linux-x86_64 0.1.3 1.61 24.12 25.73 OK
r-release-macos-arm64 0.1.3 1.00 17.00 18.00 OK
r-release-macos-x86_64 0.1.3 2.00 27.00 29.00 OK
r-release-windows-x86_64 0.1.3 2.00 44.00 46.00 OK
r-oldrel-macos-arm64 0.1.3 1.00 20.00 21.00 OK
r-oldrel-macos-x86_64 0.1.3 1.00 27.00 28.00 OK
r-oldrel-windows-x86_64 0.1.3 3.00 50.00 53.00 OK

Check Details

Version: 0.1.3
Check: CRAN incoming feasibility
Result: NOTE Maintainer: ‘Kosei Abe <mail@recyclebin.jp>’ No Authors@R field in DESCRIPTION. Please add one, modifying Authors@R: person(given = "Kosei", family = "Abe", role = c("aut", "cre"), email = "mail@recyclebin.jp") as necessary. Flavors: r-devel-linux-x86_64-debian-clang, r-devel-linux-x86_64-debian-gcc