Last updated on 2025-11-16 04:48:45 CET.
| Flavor | Version | Tinstall | Tcheck | Ttotal | Status | Flags |
|---|---|---|---|---|---|---|
| r-devel-linux-x86_64-debian-clang | 0.6.2 | 8.50 | 85.68 | 94.18 | NOTE | |
| r-devel-linux-x86_64-debian-gcc | 0.6.2 | 6.22 | 63.61 | 69.83 | NOTE | |
| r-devel-linux-x86_64-fedora-clang | 0.6.2 | 19.00 | 126.81 | 145.81 | NOTE | |
| r-devel-linux-x86_64-fedora-gcc | 0.6.2 | 18.00 | 137.93 | 155.93 | NOTE | |
| r-devel-windows-x86_64 | 0.6.2 | 15.00 | 103.00 | 118.00 | NOTE | |
| r-patched-linux-x86_64 | 0.6.2 | 8.99 | 82.53 | 91.52 | NOTE | |
| r-release-linux-x86_64 | 0.6.2 | 8.34 | 82.65 | 90.99 | NOTE | |
| r-release-macos-arm64 | 0.6.2 | 5.00 | 118.00 | 123.00 | NOTE | |
| r-release-macos-x86_64 | 0.6.2 | 8.00 | 127.00 | 135.00 | NOTE | |
| r-release-windows-x86_64 | 0.6.2 | 10.00 | 105.00 | 115.00 | NOTE | |
| r-oldrel-macos-arm64 | 0.6.2 | 4.00 | 54.00 | 58.00 | NOTE | |
| r-oldrel-macos-x86_64 | 0.6.2 | 6.00 | 75.00 | 81.00 | NOTE | |
| r-oldrel-windows-x86_64 | 0.6.2 | 14.00 | 124.00 | 138.00 | NOTE |
Version: 0.6.2
Check: Rd files
Result: NOTE
checkRd: (-1) PVmodule.Rd:27: Lost braces; missing escapes or markup?
27 | In the resulting netSEM model, time was used as a proxy for damp heat exposure stress (S) variable and $P_{max}$ (maximum power generated by the modules) was used as the performance level response ($R$) variable, several mechanistic variables ($M$) were obtained through chemical evaluation methods, including FTIR and TGA on EVA encapsulant.
| ^
checkRd: (-1) netSEMp1.Rd:55: Lost braces
55 | For example, in the quadratic functional form y ~ b0 + b1x + b2x^2, the three P-values correspond two those of \\hat{b0}, \\hat{b1} and \\hat{b2}, respectively.
| ^
checkRd: (-1) netSEMp1.Rd:55: Lost braces
55 | For example, in the quadratic functional form y ~ b0 + b1x + b2x^2, the three P-values correspond two those of \\hat{b0}, \\hat{b1} and \\hat{b2}, respectively.
| ^
checkRd: (-1) netSEMp1.Rd:55: Lost braces
55 | For example, in the quadratic functional form y ~ b0 + b1x + b2x^2, the three P-values correspond two those of \\hat{b0}, \\hat{b1} and \\hat{b2}, respectively.
| ^
Flavors: r-devel-linux-x86_64-debian-clang, r-devel-linux-x86_64-debian-gcc, r-devel-linux-x86_64-fedora-clang, r-devel-linux-x86_64-fedora-gcc, r-devel-windows-x86_64, r-patched-linux-x86_64, r-release-linux-x86_64, r-release-macos-arm64, r-release-macos-x86_64, r-release-windows-x86_64, r-oldrel-macos-arm64, r-oldrel-macos-x86_64, r-oldrel-windows-x86_64