CRAN Package Check Results for Package netcontrol

Last updated on 2025-11-16 04:48:45 CET.

Flavor Version Tinstall Tcheck Ttotal Status Flags
r-devel-linux-x86_64-debian-clang 0.1 28.20 59.17 87.37 WARN
r-devel-linux-x86_64-debian-gcc 0.1 17.18 45.33 62.51 WARN
r-devel-linux-x86_64-fedora-clang 0.1 50.00 88.74 138.74 NOTE
r-devel-linux-x86_64-fedora-gcc 0.1 40.00 88.65 128.65 NOTE
r-devel-windows-x86_64 0.1 34.00 89.00 123.00 NOTE
r-patched-linux-x86_64 0.1 23.30 56.76 80.06 NOTE
r-release-linux-x86_64 0.1 23.95 56.93 80.88 NOTE
r-release-macos-arm64 0.1 11.00 28.00 39.00 NOTE
r-release-macos-x86_64 0.1 16.00 84.00 100.00 NOTE
r-release-windows-x86_64 0.1 30.00 84.00 114.00 NOTE
r-oldrel-macos-arm64 0.1 10.00 28.00 38.00 NOTE
r-oldrel-macos-x86_64 0.1 15.00 54.00 69.00 NOTE
r-oldrel-windows-x86_64 0.1 37.00 106.00 143.00 NOTE

Check Details

Version: 0.1
Check: CRAN incoming feasibility
Result: NOTE Maintainer: ‘Teague R. Henry <trhenry@email.unc.edu>’ No Authors@R field in DESCRIPTION. Please add one, modifying Authors@R: person(given = c("Teague", "R."), family = "Henry", role = c("aut", "cre"), email = "trhenry@email.unc.edu") as necessary. Flavors: r-devel-linux-x86_64-debian-clang, r-devel-linux-x86_64-debian-gcc

Version: 0.1
Check: whether package can be installed
Result: WARN Found the following significant warnings: /home/hornik/tmp/R.check/r-devel-clang/Work/build/Packages/RcppArmadillo/include/RcppArmadillo/version/arma.h:66:17: warning: Using fallback compilation with Armadillo 14.6.3. Please consider defining -DARMA_USE_CURRENT and also removing C++11 compilation directive. See GitHub issue #475 for more. [-W#pragma-messages] See ‘/home/hornik/tmp/R.check/r-devel-clang/Work/PKGS/netcontrol.Rcheck/00install.out’ for details. * used C++ compiler: ‘Debian clang version 21.1.5 (1)’ Flavor: r-devel-linux-x86_64-debian-clang

Version: 0.1
Check: C++ specification
Result: NOTE Specified C++11: please drop specification unless essential Flavors: r-devel-linux-x86_64-debian-clang, r-devel-linux-x86_64-debian-gcc, r-devel-linux-x86_64-fedora-clang, r-devel-linux-x86_64-fedora-gcc, r-devel-windows-x86_64, r-patched-linux-x86_64, r-release-linux-x86_64, r-release-macos-arm64, r-release-macos-x86_64, r-release-windows-x86_64, r-oldrel-macos-arm64, r-oldrel-macos-x86_64, r-oldrel-windows-x86_64

Version: 0.1
Check: whether package can be installed
Result: WARN Found the following significant warnings: /home/hornik/tmp/R.check/r-devel-gcc/Work/build/Packages/RcppArmadillo/include/RcppArmadillo/version/arma.h:66:199: note: ‘#pragma message: Using fallback compilation with Armadillo 14.6.3. Please consider defining -DARMA_USE_CURRENT and also removing C++11 compilation directive. See GitHub issue #475 for more.’ See ‘/home/hornik/tmp/R.check/r-devel-gcc/Work/PKGS/netcontrol.Rcheck/00install.out’ for details. * used C++ compiler: ‘g++-15 (Debian 15.2.0-7) 15.2.0’ Flavor: r-devel-linux-x86_64-debian-gcc