CRAN Package Check Results for Package networkABC

Last updated on 2025-11-16 04:48:45 CET.

Flavor Version Tinstall Tcheck Ttotal Status Flags
r-devel-linux-x86_64-debian-clang 0.9-1 6.90 60.39 67.29 OK
r-devel-linux-x86_64-debian-gcc 0.9-1 4.73 44.91 49.64 NOTE
r-devel-linux-x86_64-fedora-clang 0.9-1 14.00 87.18 101.18 OK
r-devel-linux-x86_64-fedora-gcc 0.9-1 14.00 98.84 112.84 OK
r-devel-windows-x86_64 0.9-1 21.00 79.00 100.00 OK
r-patched-linux-x86_64 0.9-1 6.39 56.66 63.05 OK
r-release-linux-x86_64 0.9-1 5.37 55.86 61.23 OK
r-release-macos-arm64 0.9-1 5.00 56.00 61.00 OK
r-release-macos-x86_64 0.9-1 8.00 65.00 73.00 OK
r-release-windows-x86_64 0.9-1 16.00 77.00 93.00 OK
r-oldrel-macos-arm64 0.9-1 6.00 47.00 53.00 OK
r-oldrel-macos-x86_64 0.9-1 8.00 70.00 78.00 OK
r-oldrel-windows-x86_64 0.9-1 15.00 97.00 112.00 OK

Check Details

Version: 0.9-1
Check: CRAN incoming feasibility
Result: NOTE Maintainer: ‘Frederic Bertrand <frederic.bertrand@lecnam.net>’ The BugReports field in DESCRIPTION has https://github.com/fbertran/networkABC/issues/ which should likely be https://github.com/fbertran/networkABC/issues/issues instead. Flavor: r-devel-linux-x86_64-debian-gcc