Last updated on 2025-02-22 04:51:21 CET.
Flavor | Version | Tinstall | Tcheck | Ttotal | Status | Flags |
---|---|---|---|---|---|---|
r-devel-linux-x86_64-debian-clang | 2023.9.3 | 1.62 | 15.48 | 17.10 | OK | |
r-devel-linux-x86_64-debian-gcc | 2023.9.3 | 1.28 | 12.55 | 13.83 | OK | |
r-devel-linux-x86_64-fedora-clang | 2023.9.3 | 25.16 | OK | |||
r-devel-linux-x86_64-fedora-gcc | 2023.9.3 | 25.02 | OK | |||
r-devel-macos-arm64 | 2023.9.3 | 15.00 | OK | |||
r-devel-macos-x86_64 | 2023.9.3 | 23.00 | OK | |||
r-devel-windows-x86_64 | 2023.9.3 | 2.00 | 33.00 | 35.00 | OK | |
r-patched-linux-x86_64 | 2023.9.3 | 1.54 | 15.05 | 16.59 | OK | |
r-release-linux-x86_64 | 2023.9.3 | 1.67 | 14.92 | 16.59 | OK | |
r-release-macos-arm64 | 2023.9.3 | 14.00 | NOTE | |||
r-release-macos-x86_64 | 2023.9.3 | 20.00 | NOTE | |||
r-release-windows-x86_64 | 2023.9.3 | 2.00 | 33.00 | 35.00 | NOTE | |
r-oldrel-macos-arm64 | 2023.9.3 | 17.00 | NOTE | |||
r-oldrel-macos-x86_64 | 2023.9.3 | 28.00 | NOTE | |||
r-oldrel-windows-x86_64 | 2023.9.3 | 5.00 | 32.00 | 37.00 | NOTE |
Version: 2023.9.3
Check: installed package size
Result: NOTE
installed size is 7.9Mb
sub-directories of 1Mb or more:
data 7.8Mb
Flavors: r-release-macos-arm64, r-release-macos-x86_64, r-release-windows-x86_64, r-oldrel-macos-arm64, r-oldrel-macos-x86_64, r-oldrel-windows-x86_64