Last updated on 2025-02-21 04:51:57 CET.
Flavor | Version | Tinstall | Tcheck | Ttotal | Status | Flags |
---|---|---|---|---|---|---|
r-devel-linux-x86_64-debian-clang | 0.2.5 | 18.43 | 136.05 | 154.48 | NOTE | |
r-devel-linux-x86_64-debian-gcc | 0.2.5 | 13.31 | 109.13 | 122.44 | NOTE | |
r-devel-linux-x86_64-fedora-clang | 0.2.5 | 240.28 | NOTE | |||
r-devel-linux-x86_64-fedora-gcc | 0.2.5 | 251.48 | NOTE | |||
r-devel-macos-arm64 | 0.2.5 | 90.00 | NOTE | |||
r-devel-macos-x86_64 | 0.2.5 | 138.00 | NOTE | |||
r-devel-windows-x86_64 | 0.2.5 | 17.00 | 139.00 | 156.00 | NOTE | |
r-patched-linux-x86_64 | 0.2.5 | 22.77 | 130.11 | 152.88 | NOTE | |
r-release-linux-x86_64 | 0.2.5 | 15.68 | 128.74 | 144.42 | NOTE | |
r-release-macos-arm64 | 0.2.5 | 72.00 | NOTE | |||
r-release-macos-x86_64 | 0.2.5 | 105.00 | NOTE | |||
r-release-windows-x86_64 | 0.2.5 | 16.00 | 138.00 | 154.00 | NOTE | |
r-oldrel-macos-arm64 | 0.2.5 | 79.00 | OK | |||
r-oldrel-macos-x86_64 | 0.2.5 | 170.00 | OK | |||
r-oldrel-windows-x86_64 | 0.2.5 | 22.00 | 206.00 | 228.00 | OK |
Version: 0.2.5
Check: Rd files
Result: NOTE
checkRd: (-1) postPredSPD.Rd:53: Lost braces in \itemize; \value handles \item{}{} directly
checkRd: (-1) postPredSPD.Rd:54: Lost braces in \itemize; \value handles \item{}{} directly
Flavors: r-devel-linux-x86_64-debian-clang, r-devel-linux-x86_64-debian-gcc, r-devel-linux-x86_64-fedora-clang, r-devel-linux-x86_64-fedora-gcc, r-devel-macos-arm64, r-devel-macos-x86_64, r-devel-windows-x86_64, r-patched-linux-x86_64, r-release-linux-x86_64, r-release-macos-arm64, r-release-macos-x86_64, r-release-windows-x86_64
Version: 0.2.5
Check: Rd cross-references
Result: NOTE
Found the following Rd file(s) with Rd \link{} targets missing package
anchors:
compare.models.Rd: nimbleMCMC, runMCMC
Please provide package anchors for all Rd \link{} targets not in the
package itself and the base packages.
Flavors: r-devel-linux-x86_64-debian-clang, r-devel-linux-x86_64-debian-gcc, r-devel-windows-x86_64