Last updated on 2025-11-16 04:48:45 CET.
| Flavor | Version | Tinstall | Tcheck | Ttotal | Status | Flags |
|---|---|---|---|---|---|---|
| r-devel-linux-x86_64-debian-clang | 0.2.3 | 14.64 | 76.84 | 91.48 | OK | |
| r-devel-linux-x86_64-debian-gcc | 0.2.3 | 9.42 | 62.65 | 72.07 | OK | |
| r-devel-linux-x86_64-fedora-clang | 0.2.3 | 27.00 | 111.20 | 138.20 | NOTE | |
| r-devel-linux-x86_64-fedora-gcc | 0.2.3 | 28.00 | 104.93 | 132.93 | NOTE | |
| r-devel-windows-x86_64 | 0.2.3 | 19.00 | 87.00 | 106.00 | OK | |
| r-patched-linux-x86_64 | 0.2.3 | 12.55 | 74.68 | 87.23 | OK | |
| r-release-linux-x86_64 | 0.2.3 | 13.10 | 73.89 | 86.99 | OK | |
| r-release-macos-arm64 | 0.2.3 | 6.00 | 39.00 | 45.00 | OK | |
| r-release-macos-x86_64 | 0.2.3 | 14.00 | 64.00 | 78.00 | OK | |
| r-release-windows-x86_64 | 0.2.3 | 15.00 | 84.00 | 99.00 | OK | |
| r-oldrel-macos-arm64 | 0.2.3 | 6.00 | 38.00 | 44.00 | OK | |
| r-oldrel-macos-x86_64 | 0.2.3 | 13.00 | 77.00 | 90.00 | OK | |
| r-oldrel-windows-x86_64 | 0.2.3 | 19.00 | 108.00 | 127.00 | OK |
Version: 0.2.3
Check: dependencies in R code
Result: NOTE
Namespace in Imports field not imported from: ‘methods’
All declared Imports should be used.
Flavors: r-devel-linux-x86_64-fedora-clang, r-devel-linux-x86_64-fedora-gcc