Last updated on 2025-02-22 04:51:21 CET.
Flavor | Version | Tinstall | Tcheck | Ttotal | Status | Flags |
---|---|---|---|---|---|---|
r-devel-linux-x86_64-debian-clang | 0.6.2 | 8.59 | 141.32 | 149.91 | NOTE | |
r-devel-linux-x86_64-debian-gcc | 0.6.2 | 5.04 | 97.85 | 102.89 | NOTE | |
r-devel-linux-x86_64-fedora-clang | 0.6.2 | 226.41 | NOTE | |||
r-devel-linux-x86_64-fedora-gcc | 0.6.2 | 231.69 | NOTE | |||
r-devel-macos-arm64 | 0.6.2 | 85.00 | OK | |||
r-devel-macos-x86_64 | 0.6.2 | 149.00 | NOTE | |||
r-devel-windows-x86_64 | 0.6.2 | 12.00 | 159.00 | 171.00 | NOTE | |
r-patched-linux-x86_64 | 0.6.2 | 6.70 | 130.81 | 137.51 | OK | |
r-release-linux-x86_64 | 0.6.2 | 6.85 | 128.67 | 135.52 | OK | |
r-release-macos-arm64 | 0.6.2 | 87.00 | OK | |||
r-release-macos-x86_64 | 0.6.2 | 132.00 | OK | |||
r-release-windows-x86_64 | 0.6.2 | 11.00 | 158.00 | 169.00 | OK | |
r-oldrel-macos-arm64 | 0.6.2 | 91.00 | OK | |||
r-oldrel-macos-x86_64 | 0.6.2 | 124.00 | OK | |||
r-oldrel-windows-x86_64 | 0.6.2 | 13.00 | 172.00 | 185.00 | OK |
Version: 0.6.2
Check: DESCRIPTION meta-information
Result: NOTE
Missing dependency on R >= 4.1.0 because package code uses the pipe
|> or function shorthand \(...) syntax added in R 4.1.0.
File(s) using such syntax:
‘get_model_params.R’ ‘level_from_quantiles.R’ ‘make_request.R’
‘nixtla_client_cross_validation.R’ ‘nixtla_client_detect_anomalies.R’
‘nixtla_client_forecast.R’ ‘nixtla_client_historic.R’
‘nixtla_client_plot.R’ ‘nixtla_validate_api_key.R’
‘validate_exogenous.R’
Flavors: r-devel-linux-x86_64-debian-clang, r-devel-linux-x86_64-debian-gcc, r-devel-linux-x86_64-fedora-clang, r-devel-linux-x86_64-fedora-gcc, r-devel-macos-x86_64, r-devel-windows-x86_64