Last updated on 2025-11-16 04:48:45 CET.
| Flavor | Version | Tinstall | Tcheck | Ttotal | Status | Flags |
|---|---|---|---|---|---|---|
| r-devel-linux-x86_64-debian-clang | 3.0.2 | 31.78 | 105.73 | 137.51 | OK | |
| r-devel-linux-x86_64-debian-gcc | 3.0.2 | 21.68 | 75.95 | 97.63 | NOTE | |
| r-devel-linux-x86_64-fedora-clang | 3.0.2 | 86.00 | 137.66 | 223.66 | OK | |
| r-devel-linux-x86_64-fedora-gcc | 3.0.2 | 59.00 | 146.09 | 205.09 | OK | |
| r-devel-windows-x86_64 | 3.0.2 | 56.00 | 125.00 | 181.00 | OK | |
| r-patched-linux-x86_64 | 3.0.2 | 28.03 | 98.13 | 126.16 | OK | |
| r-release-linux-x86_64 | 3.0.2 | 30.12 | 98.31 | 128.43 | OK | |
| r-release-macos-arm64 | 3.0.2 | 13.00 | 44.00 | 57.00 | OK | |
| r-release-macos-x86_64 | 3.0.2 | 48.00 | 58.00 | 106.00 | OK | |
| r-release-windows-x86_64 | 3.0.2 | 48.00 | 123.00 | 171.00 | OK | |
| r-oldrel-macos-arm64 | 3.0.2 | 13.00 | 40.00 | 53.00 | OK | |
| r-oldrel-macos-x86_64 | 3.0.2 | 31.00 | 73.00 | 104.00 | OK | |
| r-oldrel-windows-x86_64 | 3.0.2 | 63.00 | 156.00 | 219.00 | OK |
Version: 3.0.2
Check: CRAN incoming feasibility
Result: NOTE
Maintainer: ‘Matthew Fidler <matthew.fidler@gmail.com>’
The BugReports field in DESCRIPTION has
https://github.com/nlmixr2/nlmixr2extra/issues/
which should likely be
https://github.com/nlmixr2/nlmixr2extra/issues/issues
instead.
Flavor: r-devel-linux-x86_64-debian-gcc