Last updated on 2025-11-16 04:48:45 CET.
| Flavor | Version | Tinstall | Tcheck | Ttotal | Status | Flags |
|---|---|---|---|---|---|---|
| r-devel-linux-x86_64-debian-clang | 0.3 | 56.88 | 349.37 | 406.25 | NOTE | |
| r-devel-linux-x86_64-debian-gcc | 0.3 | 37.03 | 224.17 | 261.20 | NOTE | |
| r-devel-linux-x86_64-fedora-clang | 0.3 | 244.00 | 440.95 | 684.95 | OK | |
| r-devel-linux-x86_64-fedora-gcc | 0.3 | 125.00 | 516.48 | 641.48 | OK | |
| r-devel-windows-x86_64 | 0.3 | 60.00 | 292.00 | 352.00 | OK | |
| r-patched-linux-x86_64 | 0.3 | 56.85 | 333.34 | 390.19 | OK | |
| r-release-linux-x86_64 | 0.3 | 60.53 | 332.61 | 393.14 | OK | |
| r-release-macos-arm64 | 0.3 | 22.00 | 117.00 | 139.00 | OK | |
| r-release-macos-x86_64 | 0.3 | 70.00 | 272.00 | 342.00 | OK | |
| r-release-windows-x86_64 | 0.3 | 55.00 | 284.00 | 339.00 | OK | |
| r-oldrel-macos-arm64 | 0.3 | 25.00 | 121.00 | 146.00 | NOTE | |
| r-oldrel-macos-x86_64 | 0.3 | 41.00 | 211.00 | 252.00 | NOTE | |
| r-oldrel-windows-x86_64 | 0.3 | 2.00 | 10.00 | 12.00 | ERROR |
Version: 0.3
Check: CRAN incoming feasibility
Result: NOTE
Maintainer: ‘Jin Liu <Veronica.Liu0206@gmail.com>’
The Description field contains
<arXiv:2302.03237v2>.
Please refer to arXiv e-prints via their arXiv DOI <doi:10.48550/arXiv.YYMM.NNNNN>.
Flavors: r-devel-linux-x86_64-debian-clang, r-devel-linux-x86_64-debian-gcc
Version: 0.3
Check: installed package size
Result: NOTE
installed size is 6.2Mb
sub-directories of 1Mb or more:
doc 1.2Mb
extdata 3.7Mb
Flavors: r-oldrel-macos-arm64, r-oldrel-macos-x86_64
Version: 0.3
Check: package dependencies
Result: ERROR
Package required but not available: 'OpenMx'
See section 'The DESCRIPTION file' in the 'Writing R Extensions'
manual.
Flavor: r-oldrel-windows-x86_64