Last updated on 2025-02-22 04:51:21 CET.
Flavor | Version | Tinstall | Tcheck | Ttotal | Status | Flags |
---|---|---|---|---|---|---|
r-devel-linux-x86_64-debian-clang | 1.9.7 | 20.08 | 371.09 | 391.17 | NOTE | |
r-devel-linux-x86_64-debian-gcc | 1.9.7 | 11.76 | 247.92 | 259.68 | NOTE | |
r-devel-linux-x86_64-fedora-clang | 1.9.7 | 612.21 | OK | |||
r-devel-linux-x86_64-fedora-gcc | 1.9.7 | 604.51 | OK | |||
r-devel-macos-arm64 | 1.9.7 | 165.00 | OK | |||
r-devel-macos-x86_64 | 1.9.7 | 328.00 | OK | |||
r-devel-windows-x86_64 | 1.9.7 | 19.00 | 430.00 | 449.00 | NOTE | |
r-patched-linux-x86_64 | 1.9.7 | 18.19 | 350.63 | 368.82 | OK | |
r-release-linux-x86_64 | 1.9.7 | 16.05 | 347.41 | 363.46 | OK | |
r-release-macos-arm64 | 1.9.7 | 158.00 | OK | |||
r-release-macos-x86_64 | 1.9.7 | 258.00 | OK | |||
r-release-windows-x86_64 | 1.9.7 | 19.00 | 371.00 | 390.00 | OK | |
r-oldrel-macos-arm64 | 1.9.7 | 166.00 | OK | |||
r-oldrel-macos-x86_64 | 1.9.7 | 362.00 | OK | |||
r-oldrel-windows-x86_64 | 1.9.7 | 23.00 | 427.00 | 450.00 | OK |
Version: 1.9.7
Check: Rd cross-references
Result: NOTE
Found the following Rd file(s) with Rd \link{} targets missing package
anchors:
nlsLMList.formula.Rd: nlsList
predict_nlme.Rd: predict.nlme, predict.lme, predict.gnls
Please provide package anchors for all Rd \link{} targets not in the
package itself and the base packages.
Flavors: r-devel-linux-x86_64-debian-clang, r-devel-linux-x86_64-debian-gcc, r-devel-windows-x86_64