Last updated on 2024-08-25 05:49:28 CEST.
Flavor | Version | Tinstall | Tcheck | Ttotal | Status | Flags |
---|---|---|---|---|---|---|
r-devel-linux-x86_64-debian-clang | 1.2-2.2 | 9.53 | 84.26 | 93.79 | NOTE | |
r-devel-linux-x86_64-debian-gcc | 1.2-2.2 | 7.58 | 59.61 | 67.19 | NOTE | |
r-devel-linux-x86_64-fedora-clang | 1.2-2.2 | 151.17 | NOTE | |||
r-devel-linux-x86_64-fedora-gcc | 1.2-2.2 | 143.56 | NOTE | |||
r-devel-windows-x86_64 | 1.2-2.2 | 12.00 | 102.00 | 114.00 | NOTE | |
r-patched-linux-x86_64 | 1.2-2.2 | 10.77 | 78.62 | 89.39 | NOTE | |
r-release-linux-x86_64 | 1.2-2.2 | 11.01 | 78.96 | 89.97 | NOTE | |
r-release-macos-arm64 | 1.2-2.2 | 41.00 | NOTE | |||
r-release-macos-x86_64 | 1.2-2.2 | 60.00 | NOTE | |||
r-release-windows-x86_64 | 1.2-2.2 | 13.00 | 101.00 | 114.00 | NOTE | |
r-oldrel-macos-arm64 | 1.2-2.2 | 46.00 | NOTE | |||
r-oldrel-macos-x86_64 | 1.2-2.2 | 78.00 | NOTE | |||
r-oldrel-windows-x86_64 | 1.2-2.2 | 14.00 | 118.00 | 132.00 | NOTE |
Version: 1.2-2.2
Check: Rd files
Result: NOTE
checkRd: (-1) Dmean.Rd:62: Escaped LaTeX specials: \&
checkRd: (-1) Dvar.Rd:63: Escaped LaTeX specials: \&
Flavors: r-devel-linux-x86_64-debian-clang, r-devel-linux-x86_64-debian-gcc, r-devel-linux-x86_64-fedora-clang, r-devel-linux-x86_64-fedora-gcc, r-devel-windows-x86_64, r-patched-linux-x86_64, r-release-linux-x86_64, r-release-macos-arm64, r-release-macos-x86_64, r-release-windows-x86_64, r-oldrel-macos-arm64, r-oldrel-macos-x86_64, r-oldrel-windows-x86_64
Version: 1.2-2.2
Check: package dependencies
Result: NOTE
Package suggested but not available for checking: ‘csampling’
Flavor: r-oldrel-macos-x86_64
Version: 1.2-2.2
Check: Rd cross-references
Result: NOTE
Package unavailable to check Rd xrefs: ‘csampling’
Flavor: r-oldrel-macos-x86_64