Last updated on 2025-02-22 04:51:21 CET.
Flavor | Version | Tinstall | Tcheck | Ttotal | Status | Flags |
---|---|---|---|---|---|---|
r-devel-linux-x86_64-debian-clang | 1.0.2 | 22.86 | 194.88 | 217.74 | NOTE | |
r-devel-linux-x86_64-debian-gcc | 1.0.2 | 13.70 | 132.74 | 146.44 | NOTE | |
r-devel-linux-x86_64-fedora-clang | 1.0.2 | 348.81 | NOTE | |||
r-devel-linux-x86_64-fedora-gcc | 1.0.2 | 338.03 | NOTE | |||
r-devel-macos-arm64 | 1.0.2 | 94.00 | NOTE | |||
r-devel-macos-x86_64 | 1.0.2 | 173.00 | NOTE | |||
r-devel-windows-x86_64 | 1.0.2 | 22.00 | 211.00 | 233.00 | NOTE | |
r-patched-linux-x86_64 | 1.0.2 | 21.62 | 179.77 | 201.39 | NOTE | |
r-release-linux-x86_64 | 1.0.2 | 21.49 | 179.54 | 201.03 | NOTE | |
r-release-macos-arm64 | 1.0.2 | 87.00 | NOTE | |||
r-release-macos-x86_64 | 1.0.2 | 137.00 | NOTE | |||
r-release-windows-x86_64 | 1.0.2 | 21.00 | 206.00 | 227.00 | NOTE | |
r-oldrel-macos-arm64 | 1.0.2 | 98.00 | OK | |||
r-oldrel-macos-x86_64 | 1.0.2 | 180.00 | OK | |||
r-oldrel-windows-x86_64 | 1.0.2 | 29.00 | 257.00 | 286.00 | OK |
Version: 1.0.2
Check: Rd files
Result: NOTE
checkRd: (-1) imp_int_an.Rd:24: Lost braces in \itemize; meant \describe ?
checkRd: (-1) imp_int_an.Rd:25: Lost braces in \itemize; meant \describe ?
checkRd: (-1) plot.ndmodel.Rd:16: Lost braces in \itemize; meant \describe ?
checkRd: (-1) plot.ndmodel.Rd:17: Lost braces in \itemize; meant \describe ?
checkRd: (-1) plot.ndmodel.Rd:18: Lost braces in \itemize; meant \describe ?
Flavors: r-devel-linux-x86_64-debian-clang, r-devel-linux-x86_64-debian-gcc, r-devel-linux-x86_64-fedora-clang, r-devel-linux-x86_64-fedora-gcc, r-devel-macos-arm64, r-devel-macos-x86_64, r-devel-windows-x86_64, r-patched-linux-x86_64, r-release-linux-x86_64, r-release-macos-arm64, r-release-macos-x86_64, r-release-windows-x86_64