Last updated on 2025-11-16 04:48:45 CET.
| Flavor | Version | Tinstall | Tcheck | Ttotal | Status | Flags |
|---|---|---|---|---|---|---|
| r-devel-linux-x86_64-debian-clang | 0.1.2.3 | 85.19 | 66.91 | 152.10 | NOTE | |
| r-devel-linux-x86_64-debian-gcc | 0.1.2.3 | 48.38 | 47.03 | 95.41 | NOTE | |
| r-devel-linux-x86_64-fedora-clang | 0.1.2.3 | 210.00 | 87.75 | 297.75 | OK | |
| r-devel-linux-x86_64-fedora-gcc | 0.1.2.3 | 141.00 | 123.68 | 264.68 | OK | |
| r-devel-windows-x86_64 | 0.1.2.3 | 131.00 | 94.00 | 225.00 | OK | |
| r-patched-linux-x86_64 | 0.1.2.3 | 79.21 | 64.60 | 143.81 | OK | |
| r-release-linux-x86_64 | 0.1.2.3 | 83.50 | 65.43 | 148.93 | OK | |
| r-release-macos-arm64 | 0.1.2.3 | 34.00 | 48.00 | 82.00 | OK | |
| r-release-macos-x86_64 | 0.1.2.3 | 48.00 | 67.00 | 115.00 | OK | |
| r-release-windows-x86_64 | 0.1.2.3 | 109.00 | 93.00 | 202.00 | OK | |
| r-oldrel-macos-arm64 | 0.1.2.3 | 35.00 | 38.00 | 73.00 | OK | |
| r-oldrel-macos-x86_64 | 0.1.2.3 | 44.00 | 56.00 | 100.00 | OK | |
| r-oldrel-windows-x86_64 | 0.1.2.3 | 132.00 | 126.00 | 258.00 | OK |
Version: 0.1.2.3
Check: CRAN incoming feasibility
Result: NOTE
Maintainer: ‘Valentin Kilian <valentin.kilian@ens-rennes.fr>’
The Description field contains
<arXiv:2402.19021>.
Please refer to arXiv e-prints via their arXiv DOI <doi:10.48550/arXiv.YYMM.NNNNN>.
Flavors: r-devel-linux-x86_64-debian-clang, r-devel-linux-x86_64-debian-gcc