Last updated on 2024-08-25 05:49:28 CEST.
Flavor | Version | Tinstall | Tcheck | Ttotal | Status | Flags |
---|---|---|---|---|---|---|
r-devel-linux-x86_64-debian-clang | 0.5-13 | 7.04 | 59.00 | 66.04 | NOTE | |
r-devel-linux-x86_64-debian-gcc | 0.5-13 | 5.46 | 42.79 | 48.25 | NOTE | |
r-devel-linux-x86_64-fedora-clang | 0.5-13 | 110.58 | OK | |||
r-devel-linux-x86_64-fedora-gcc | 0.5-13 | 100.48 | OK | |||
r-devel-windows-x86_64 | 0.5-13 | 9.00 | 81.00 | 90.00 | NOTE | |
r-patched-linux-x86_64 | 0.5-13 | 12.49 | 55.94 | 68.43 | OK | |
r-release-linux-x86_64 | 0.5-13 | 6.82 | 56.23 | 63.05 | OK | |
r-release-macos-arm64 | 0.5-13 | 35.00 | OK | |||
r-release-macos-x86_64 | 0.5-13 | 64.00 | OK | |||
r-release-windows-x86_64 | 0.5-13 | 9.00 | 78.00 | 87.00 | OK | |
r-oldrel-macos-arm64 | 0.5-13 | 35.00 | OK | |||
r-oldrel-macos-x86_64 | 0.5-13 | 51.00 | OK | |||
r-oldrel-windows-x86_64 | 0.5-13 | 12.00 | 92.00 | 104.00 | OK |
Version: 0.5-13
Check: Rd cross-references
Result: NOTE
Found the following Rd file(s) with Rd \link{} targets missing package
anchors:
lp2.Rd: lp
Please provide package anchors for all Rd \link{} targets not in the
package itself and the base packages.
Flavors: r-devel-linux-x86_64-debian-clang, r-devel-linux-x86_64-debian-gcc, r-devel-windows-x86_64