Last updated on 2025-10-26 04:48:42 CET.
| Flavor | Version | Tinstall | Tcheck | Ttotal | Status | Flags |
|---|---|---|---|---|---|---|
| r-devel-linux-x86_64-debian-clang | 1.0-11.1 | 4.69 | 23.40 | 28.09 | NOTE | |
| r-devel-linux-x86_64-debian-gcc | 1.0-11.1 | 3.05 | 18.71 | 21.76 | NOTE | |
| r-devel-linux-x86_64-fedora-clang | 1.0-11.1 | 11.00 | 30.26 | 41.26 | OK | |
| r-devel-linux-x86_64-fedora-gcc | 1.0-11.1 | 38.82 | OK | |||
| r-devel-windows-x86_64 | 1.0-11.1 | 8.00 | 45.00 | 53.00 | OK | |
| r-patched-linux-x86_64 | 1.0-11.1 | 3.80 | 22.24 | 26.04 | OK | |
| r-release-linux-x86_64 | 1.0-11.1 | 3.67 | 22.01 | 25.68 | OK | |
| r-release-macos-arm64 | 1.0-11.1 | 4.00 | 16.00 | 20.00 | OK | |
| r-release-macos-x86_64 | 1.0-11.1 | 9.00 | 34.00 | 43.00 | OK | |
| r-release-windows-x86_64 | 1.0-11.1 | 7.00 | 54.00 | 61.00 | OK | |
| r-oldrel-macos-arm64 | 1.0-11.1 | 3.00 | 18.00 | 21.00 | OK | |
| r-oldrel-macos-x86_64 | 1.0-11.1 | 4.00 | 21.00 | 25.00 | OK | |
| r-oldrel-windows-x86_64 | 1.0-11.1 | 7.00 | 46.00 | 53.00 | OK |
Version: 1.0-11.1
Check: CRAN incoming feasibility
Result: NOTE
Maintainer: ‘John Fox <jfox@mcmaster.ca>’
No Authors@R field in DESCRIPTION.
Please add one, modifying
Authors@R: c(person(given = c("Ported", "to", "R", "by", "Alvaro", "A.", "Novo.", "Original", "by", "Joseph", "L.", "Schafer"),
family = "<jls@stat.psu.edu>.",
role = "aut",
email = "jls@stat.psu.edu"),
person(given = "John",
family = "Fox",
role = "cre",
email = "jfox@mcmaster.ca"))
as necessary.
Flavors: r-devel-linux-x86_64-debian-clang, r-devel-linux-x86_64-debian-gcc