Last updated on 2025-11-16 04:48:45 CET.
| Flavor | Version | Tinstall | Tcheck | Ttotal | Status | Flags |
|---|---|---|---|---|---|---|
| r-devel-linux-x86_64-debian-clang | 0.2.0 | 2.91 | 52.07 | 54.98 | NOTE | |
| r-devel-linux-x86_64-debian-gcc | 0.2.0 | 1.97 | 41.13 | 43.10 | NOTE | |
| r-devel-linux-x86_64-fedora-clang | 0.2.0 | 84.01 | OK | |||
| r-devel-linux-x86_64-fedora-gcc | 0.2.0 | 14.00 | 85.19 | 99.19 | OK | |
| r-devel-windows-x86_64 | 0.2.0 | 7.00 | 111.00 | 118.00 | OK | |
| r-patched-linux-x86_64 | 0.2.0 | 3.02 | 48.36 | 51.38 | OK | |
| r-release-linux-x86_64 | 0.2.0 | 2.36 | 48.58 | 50.94 | OK | |
| r-release-macos-arm64 | 0.2.0 | 1.00 | 88.00 | 89.00 | OK | |
| r-release-macos-x86_64 | 0.2.0 | 2.00 | 127.00 | 129.00 | OK | |
| r-release-windows-x86_64 | 0.2.0 | 6.00 | 111.00 | 117.00 | OK | |
| r-oldrel-macos-arm64 | 0.2.0 | 2.00 | 91.00 | 93.00 | OK | |
| r-oldrel-macos-x86_64 | 0.2.0 | 3.00 | 145.00 | 148.00 | OK | |
| r-oldrel-windows-x86_64 | 0.2.0 | 6.00 | 124.00 | 130.00 | OK |
Version: 0.2.0
Check: CRAN incoming feasibility
Result: NOTE
Maintainer: ‘Frank Farach <frank.farach@gmail.com>’
Package CITATION file contains call(s) to old-style citEntry(). Please
use bibentry() instead.
Flavor: r-devel-linux-x86_64-debian-clang
Version: 0.2.0
Check: CRAN incoming feasibility
Result: NOTE
Maintainer: ‘Frank Farach <frank.farach@gmail.com>’
Package CITATION file contains call(s) to old-style citEntry(). Please
use bibentry() instead.
The BugReports field in DESCRIPTION has
https://github.com/ropensci/npi/issues/
which should likely be
https://github.com/ropensci/npi/issues/issues
instead.
Flavor: r-devel-linux-x86_64-debian-gcc