Last updated on 2025-11-16 04:48:45 CET.
| Flavor | Version | Tinstall | Tcheck | Ttotal | Status | Flags |
|---|---|---|---|---|---|---|
| r-devel-linux-x86_64-debian-clang | 0.7-13 | 18.03 | 87.69 | 105.72 | OK | |
| r-devel-linux-x86_64-debian-gcc | 0.7-13 | 10.32 | 65.82 | 76.14 | NOTE | |
| r-devel-linux-x86_64-fedora-clang | 0.7-13 | 36.00 | 121.43 | 157.43 | OK | |
| r-devel-linux-x86_64-fedora-gcc | 0.7-13 | 35.00 | 256.09 | 291.09 | OK | |
| r-devel-windows-x86_64 | 0.7-13 | 36.00 | 103.00 | 139.00 | OK | |
| r-patched-linux-x86_64 | 0.7-13 | 15.67 | 82.98 | 98.65 | OK | |
| r-release-linux-x86_64 | 0.7-13 | 13.43 | 82.74 | 96.17 | OK | |
| r-release-macos-arm64 | 0.7-13 | 10.00 | 88.00 | 98.00 | OK | |
| r-release-macos-x86_64 | 0.7-13 | 17.00 | 193.00 | 210.00 | OK | |
| r-release-windows-x86_64 | 0.7-13 | 23.00 | 105.00 | 128.00 | OK | |
| r-oldrel-macos-arm64 | 0.7-13 | 9.00 | 84.00 | 93.00 | OK | |
| r-oldrel-macos-x86_64 | 0.7-13 | 11.00 | 130.00 | 141.00 | OK | |
| r-oldrel-windows-x86_64 | 0.7-13 | 29.00 | 129.00 | 158.00 | OK |
Version: 0.7-13
Check: CRAN incoming feasibility
Result: NOTE
Maintainer: ‘Ruben Fernandez-Casal <rubenfcasal@gmail.com>’
The BugReports field in DESCRIPTION has
https://github.com/rubenfcasal/npsp/issues/
which should likely be
https://github.com/rubenfcasal/npsp/issues/issues
instead.
Flavor: r-devel-linux-x86_64-debian-gcc