Last updated on 2025-02-21 04:51:57 CET.
Flavor | Version | Tinstall | Tcheck | Ttotal | Status | Flags |
---|---|---|---|---|---|---|
r-devel-linux-x86_64-debian-clang | 0.4.0 | 5.35 | 61.51 | 66.86 | NOTE | |
r-devel-linux-x86_64-debian-gcc | 0.4.0 | 4.09 | 46.36 | 50.45 | NOTE | |
r-devel-linux-x86_64-fedora-clang | 0.4.0 | 102.98 | NOTE | |||
r-devel-linux-x86_64-fedora-gcc | 0.4.0 | 115.14 | NOTE | |||
r-devel-macos-arm64 | 0.4.0 | 42.00 | OK | |||
r-devel-macos-x86_64 | 0.4.0 | 94.00 | NOTE | |||
r-devel-windows-x86_64 | 0.4.0 | 7.00 | 79.00 | 86.00 | NOTE | |
r-patched-linux-x86_64 | 0.4.0 | 5.57 | 56.85 | 62.42 | OK | |
r-release-linux-x86_64 | 0.4.0 | 5.23 | 57.12 | 62.35 | OK | |
r-release-macos-arm64 | 0.4.0 | 52.00 | OK | |||
r-release-macos-x86_64 | 0.4.0 | 73.00 | OK | |||
r-release-windows-x86_64 | 0.4.0 | 8.00 | 76.00 | 84.00 | OK | |
r-oldrel-macos-arm64 | 0.4.0 | 51.00 | OK | |||
r-oldrel-macos-x86_64 | 0.4.0 | 69.00 | OK | |||
r-oldrel-windows-x86_64 | 0.4.0 | 10.00 | 87.00 | 97.00 | OK |
Version: 0.4.0
Check: DESCRIPTION meta-information
Result: NOTE
Missing dependency on R >= 4.1.0 because package code uses the pipe
|> or function shorthand \(...) syntax added in R 4.1.0.
File(s) using such syntax:
‘get_ntd.R’
Flavors: r-devel-linux-x86_64-debian-clang, r-devel-linux-x86_64-debian-gcc, r-devel-linux-x86_64-fedora-clang, r-devel-linux-x86_64-fedora-gcc, r-devel-macos-x86_64, r-devel-windows-x86_64