Last updated on 2025-10-25 05:50:11 CEST.
| Flavor | Version | Tinstall | Tcheck | Ttotal | Status | Flags |
|---|---|---|---|---|---|---|
| r-devel-linux-x86_64-debian-clang | 1.0.1 | 22.60 | 41.29 | 63.89 | NOTE | |
| r-devel-linux-x86_64-debian-gcc | 1.0.1 | 15.48 | 31.29 | 46.77 | NOTE | |
| r-devel-linux-x86_64-fedora-clang | 1.0.1 | 42.00 | 66.33 | 108.33 | NOTE | |
| r-devel-linux-x86_64-fedora-gcc | 1.0.1 | 41.00 | 77.36 | 118.36 | NOTE | |
| r-devel-windows-x86_64 | 1.0.1 | 30.00 | 73.00 | 103.00 | OK | |
| r-patched-linux-x86_64 | 1.0.1 | 22.01 | 38.54 | 60.55 | OK | |
| r-release-linux-x86_64 | 1.0.1 | 23.01 | 39.21 | 62.22 | OK | |
| r-release-macos-arm64 | 1.0.1 | 9.00 | 27.00 | 36.00 | OK | |
| r-release-macos-x86_64 | 1.0.1 | 10.00 | 54.00 | 64.00 | OK | |
| r-release-windows-x86_64 | 1.0.1 | 30.00 | 78.00 | 108.00 | OK | |
| r-oldrel-macos-arm64 | 1.0.1 | 11.00 | 27.00 | 38.00 | OK | |
| r-oldrel-macos-x86_64 | 1.0.1 | 10.00 | 41.00 | 51.00 | OK | |
| r-oldrel-windows-x86_64 | 1.0.1 | 34.00 | 89.00 | 123.00 | OK |
Version: 1.0.1
Check: CRAN incoming feasibility
Result: NOTE
Maintainer: ‘Maarten Kruijver <maarten.kruijver@esr.cri.nz>’
Package CITATION file contains call(s) to old-style citEntry(). Please
use bibentry() instead.
Flavors: r-devel-linux-x86_64-debian-clang, r-devel-linux-x86_64-debian-gcc
Version: 1.0.1
Check: dependencies in R code
Result: NOTE
Namespace in Imports field not imported from: ‘pedtools’
All declared Imports should be used.
Flavors: r-devel-linux-x86_64-fedora-clang, r-devel-linux-x86_64-fedora-gcc