Last updated on 2024-08-25 05:49:28 CEST.
Flavor | Version | Tinstall | Tcheck | Ttotal | Status | Flags |
---|---|---|---|---|---|---|
r-devel-linux-x86_64-debian-clang | 1.1.3 | 41.73 | 319.65 | 361.38 | OK | |
r-devel-linux-x86_64-debian-gcc | 1.1.3 | 28.94 | 200.39 | 229.33 | OK | |
r-devel-linux-x86_64-fedora-clang | 1.1.3 | 604.79 | OK | |||
r-devel-linux-x86_64-fedora-gcc | 1.1.3 | 622.63 | OK | |||
r-devel-windows-x86_64 | 1.1.3 | 40.00 | 376.00 | 416.00 | OK | |
r-patched-linux-x86_64 | 1.1.3 | 37.04 | 306.27 | 343.31 | OK | |
r-release-linux-x86_64 | 1.1.3 | 37.08 | 308.48 | 345.56 | OK | |
r-release-macos-arm64 | 1.1.3 | 241.00 | OK | |||
r-release-macos-x86_64 | 1.1.3 | 697.00 | OK | |||
r-release-windows-x86_64 | 1.1.3 | 40.00 | 378.00 | 418.00 | OK | |
r-oldrel-macos-arm64 | 1.1.3 | 358.00 | FAIL | |||
r-oldrel-macos-x86_64 | 1.1.3 | 790.00 | ERROR | |||
r-oldrel-windows-x86_64 | 1.1.3 | 50.00 | 446.00 | 496.00 | OK |
Version: 1.1.3
Check: whether package can be installed
Result: FAIL
Flavor: r-oldrel-macos-arm64
Version: 1.1.3
Check: running R code from vignettes
Result: ERROR
Errors in running code in vignettes:
when running code in ‘o2geosocial.Rmd’
...
write error in extracting from zip file
Warning in CPL_read_ogr(dsn, layer, query, as.character(options), quiet, :
GDAL Error 4: Unable to open /private/var/folders/2b/t0kwbtmn3p7brv2mvx39c9cr0000gn/T/RtmpdWNsCM/tl_2022_39_tract.shx or /private/var/folders/2b/t0kwbtmn3p7brv2mvx39c9cr0000gn/T/RtmpdWNsCM/tl_2022_39_tract.SHX. Set SHAPE_RESTORE_SHX config option to YES to restore or create it.
Warning in CPL_read_ogr(dsn, layer, query, as.character(options), quiet, :
GDAL Error 4: Failed to open file /private/var/folders/2b/t0kwbtmn3p7brv2mvx39c9cr0000gn/T/RtmpdWNsCM/tl_2022_39_tract.shp. It may be corrupt or read-only file accessed in update mode.
Cannot open layer tl_2022_39_tract
When sourcing ‘o2geosocial.R’:
Error: Opening layer failed.
Execution halted
‘o2geosocial.Rmd’ using ‘UTF-8’... failed
Flavor: r-oldrel-macos-x86_64
Version: 1.1.3
Check: re-building of vignette outputs
Result: NOTE
Error(s) in re-building vignettes:
...
--- re-building ‘o2geosocial.Rmd’ using rmarkdown
Warning in doTryCatch(return(expr), name, parentenv, handler) :
zero-length arrow is of indeterminate angle and so skipped
Warning in doTryCatch(return(expr), name, parentenv, handler) :
zero-length arrow is of indeterminate angle and so skipped
Warning in doTryCatch(return(expr), name, parentenv, handler) :
zero-length arrow is of indeterminate angle and so skipped
Warning in doTryCatch(return(expr), name, parentenv, handler) :
zero-length arrow is of indeterminate angle and so skipped
Warning in close.connection(con) :
Problem closing connection: No space left on device
Error: processing vignette 'o2geosocial.Rmd' failed with diagnostics:
Error writing to connection: No space left on device
--- failed re-building ‘o2geosocial.Rmd’
SUMMARY: processing the following file failed:
‘o2geosocial.Rmd’
Error: Vignette re-building failed.
Execution halted
Flavor: r-oldrel-macos-x86_64