Last updated on 2025-10-25 05:50:11 CEST.
| Flavor | Version | Tinstall | Tcheck | Ttotal | Status | Flags |
|---|---|---|---|---|---|---|
| r-devel-linux-x86_64-debian-clang | 1.0.1 | 27.31 | 135.34 | 162.65 | OK | |
| r-devel-linux-x86_64-debian-gcc | 1.0.1 | 19.43 | 96.06 | 115.49 | OK | |
| r-devel-linux-x86_64-fedora-clang | 1.0.1 | 64.00 | 187.50 | 251.50 | OK | |
| r-devel-linux-x86_64-fedora-gcc | 1.0.1 | 60.00 | 192.85 | 252.85 | OK | |
| r-devel-windows-x86_64 | 1.0.1 | 32.00 | 137.00 | 169.00 | OK | |
| r-patched-linux-x86_64 | 1.0.1 | 26.66 | 126.73 | 153.39 | OK | |
| r-release-linux-x86_64 | 1.0.1 | 29.51 | 125.01 | 154.52 | OK | |
| r-release-macos-arm64 | 1.0.1 | 15.00 | 56.00 | 71.00 | OK | |
| r-release-macos-x86_64 | 1.0.1 | 43.00 | 102.00 | 145.00 | OK | |
| r-release-windows-x86_64 | 1.0.1 | 31.00 | 139.00 | 170.00 | OK | |
| r-oldrel-macos-arm64 | 1.0.1 | 15.00 | 76.00 | 91.00 | NOTE | |
| r-oldrel-macos-x86_64 | 1.0.1 | 35.00 | 130.00 | 165.00 | NOTE | |
| r-oldrel-windows-x86_64 | 1.0.1 | 43.00 | 172.00 | 215.00 | OK |
Version: 1.0.1
Check: installed package size
Result: NOTE
installed size is 5.5Mb
sub-directories of 1Mb or more:
data 4.5Mb
Flavors: r-oldrel-macos-arm64, r-oldrel-macos-x86_64