Last updated on 2025-11-16 04:48:46 CET.
| Flavor | Version | Tinstall | Tcheck | Ttotal | Status | Flags |
|---|---|---|---|---|---|---|
| r-devel-linux-x86_64-debian-clang | 0.2.3 | 6.62 | 225.75 | 232.37 | NOTE | |
| r-devel-linux-x86_64-debian-gcc | 0.2.3 | 4.15 | 149.52 | 153.67 | NOTE | |
| r-devel-linux-x86_64-fedora-clang | 0.2.3 | 14.00 | 365.83 | 379.83 | NOTE | |
| r-devel-linux-x86_64-fedora-gcc | 0.2.3 | 12.00 | 383.90 | 395.90 | NOTE | |
| r-devel-windows-x86_64 | 0.2.3 | 11.00 | 211.00 | 222.00 | NOTE | |
| r-patched-linux-x86_64 | 0.2.3 | 7.41 | 215.42 | 222.83 | NOTE | |
| r-release-linux-x86_64 | 0.2.3 | 6.07 | 215.29 | 221.36 | NOTE | |
| r-release-macos-arm64 | 0.2.3 | 4.00 | 157.00 | 161.00 | NOTE | |
| r-release-macos-x86_64 | 0.2.3 | 4.00 | 152.00 | 156.00 | OK | |
| r-release-windows-x86_64 | 0.2.3 | 9.00 | 211.00 | 220.00 | NOTE | |
| r-oldrel-macos-arm64 | 0.2.3 | 3.00 | 106.00 | 109.00 | OK | |
| r-oldrel-macos-x86_64 | 0.2.3 | 6.00 | 220.00 | 226.00 | OK | |
| r-oldrel-windows-x86_64 | 0.2.3 | 13.00 | 271.00 | 284.00 | OK |
Version: 0.2.3
Check: DESCRIPTION meta-information
Result: NOTE
Missing dependency on R >= 4.2.0 because package code uses the pipe
placeholder syntax added in R 4.2.0.
File(s) using such syntax:
‘01-opIndicators.R’
Flavors: r-devel-linux-x86_64-debian-clang, r-devel-linux-x86_64-debian-gcc, r-devel-linux-x86_64-fedora-clang, r-devel-linux-x86_64-fedora-gcc, r-devel-windows-x86_64, r-patched-linux-x86_64, r-release-linux-x86_64, r-release-macos-arm64, r-release-windows-x86_64