Last updated on 2025-02-21 04:51:57 CET.
Flavor | Version | Tinstall | Tcheck | Ttotal | Status | Flags |
---|---|---|---|---|---|---|
r-devel-linux-x86_64-debian-clang | 1.2 | 54.02 | 576.11 | 630.13 | OK | |
r-devel-linux-x86_64-debian-gcc | 1.2 | 0.50 | 1.50 | 2.00 | ERROR | |
r-devel-linux-x86_64-fedora-clang | 1.2 | 1085.81 | OK | |||
r-devel-linux-x86_64-fedora-gcc | 1.2 | 1028.07 | OK | |||
r-devel-macos-arm64 | 1.2 | 5.00 | ERROR | |||
r-devel-macos-x86_64 | 1.2 | 10.00 | ERROR | |||
r-devel-windows-x86_64 | 1.2 | 55.00 | 452.00 | 507.00 | OK | |
r-patched-linux-x86_64 | 1.2 | 51.74 | 532.82 | 584.56 | OK | |
r-release-linux-x86_64 | 1.2 | 50.04 | 527.98 | 578.02 | OK | |
r-release-macos-arm64 | 1.2 | 10.00 | ERROR | |||
r-release-macos-x86_64 | 1.2 | 13.00 | ERROR | |||
r-release-windows-x86_64 | 1.2 | 53.00 | 448.00 | 501.00 | OK | |
r-oldrel-macos-arm64 | 1.2 | 10.00 | ERROR | |||
r-oldrel-macos-x86_64 | 1.2 | 11.00 | ERROR | |||
r-oldrel-windows-x86_64 | 1.2 | 74.00 | 597.00 | 671.00 | OK |
Version: 1.2
Check: package dependencies
Result: ERROR
Packages required but not available:
'GenomicFeatures', 'TxDb.Hsapiens.UCSC.hg19.knownGene'
See section ‘The DESCRIPTION file’ in the ‘Writing R Extensions’
manual.
Flavor: r-devel-linux-x86_64-debian-gcc
Version: 1.2
Check: package dependencies
Result: ERROR
Packages required but not available:
'org.Hs.eg.db', 'TxDb.Hsapiens.UCSC.hg19.knownGene', 'TCGAbiolinks'
See section ‘The DESCRIPTION file’ in the ‘Writing R Extensions’
manual.
Flavor: r-devel-macos-arm64
Version: 1.2
Check: package dependencies
Result: ERROR
Packages required but not available:
'TxDb.Hsapiens.UCSC.hg19.knownGene', 'TCGAbiolinks'
See section ‘The DESCRIPTION file’ in the ‘Writing R Extensions’
manual.
Flavors: r-devel-macos-x86_64, r-release-macos-arm64, r-release-macos-x86_64
Version: 1.2
Check: package dependencies
Result: ERROR
Package required but not available: ‘TCGAbiolinks’
See section ‘The DESCRIPTION file’ in the ‘Writing R Extensions’
manual.
Flavors: r-oldrel-macos-arm64, r-oldrel-macos-x86_64