Last updated on 2025-11-16 04:48:46 CET.
| Flavor | Version | Tinstall | Tcheck | Ttotal | Status | Flags |
|---|---|---|---|---|---|---|
| r-devel-linux-x86_64-debian-clang | 3.5.0 | 11.91 | 100.33 | 112.24 | OK | |
| r-devel-linux-x86_64-debian-gcc | 3.5.0 | 6.81 | 78.06 | 84.87 | NOTE | |
| r-devel-linux-x86_64-fedora-clang | 3.5.0 | 92.00 | 90.38 | 182.38 | OK | |
| r-devel-linux-x86_64-fedora-gcc | 3.5.0 | 23.00 | 156.39 | 179.39 | OK | |
| r-devel-windows-x86_64 | 3.5.0 | 18.00 | 158.00 | 176.00 | OK | |
| r-patched-linux-x86_64 | 3.5.0 | 13.38 | 95.99 | 109.37 | OK | |
| r-release-linux-x86_64 | 3.5.0 | 10.52 | 96.74 | 107.26 | OK | |
| r-release-macos-arm64 | 3.5.0 | 5.00 | 55.00 | 60.00 | OK | |
| r-release-macos-x86_64 | 3.5.0 | 12.00 | 115.00 | 127.00 | OK | |
| r-release-windows-x86_64 | 3.5.0 | 17.00 | 160.00 | 177.00 | OK | |
| r-oldrel-macos-arm64 | 3.5.0 | 5.00 | 55.00 | 60.00 | OK | |
| r-oldrel-macos-x86_64 | 3.5.0 | 11.00 | 113.00 | 124.00 | OK | |
| r-oldrel-windows-x86_64 | 3.5.0 | 18.00 | 183.00 | 201.00 | OK |
Version: 3.5.0
Check: CRAN incoming feasibility
Result: NOTE
Maintainer: ‘Yannick Marcon <yannick.marcon@obiba.org>’
The BugReports field in DESCRIPTION has
https://github.com/obiba/opalr/issues/
which should likely be
https://github.com/obiba/opalr/issues/issues
instead.
Flavor: r-devel-linux-x86_64-debian-gcc