Last updated on 2024-08-25 05:49:29 CEST.
Flavor | Version | Tinstall | Tcheck | Ttotal | Status | Flags |
---|---|---|---|---|---|---|
r-devel-linux-x86_64-debian-clang | 0.4.0 | 70.33 | 50.63 | 120.96 | OK | |
r-devel-linux-x86_64-debian-gcc | 0.4.0 | 52.82 | 31.52 | 84.34 | OK | |
r-devel-linux-x86_64-fedora-gcc | 0.4.0 | 243.85 | OK | |||
r-devel-windows-x86_64 | 0.4.0 | 97.00 | 179.00 | 276.00 | NOTE | |
r-patched-linux-x86_64 | 0.4.0 | 72.62 | 38.66 | 111.28 | OK | |
r-release-linux-x86_64 | 0.4.0 | 70.39 | 38.31 | 108.70 | OK | |
r-release-macos-arm64 | 0.4.0 | 58.00 | NOTE | |||
r-release-macos-x86_64 | 0.4.0 | 55.00 | NOTE | |||
r-release-windows-x86_64 | 0.4.0 | 97.00 | 175.00 | 272.00 | NOTE | |
r-oldrel-macos-arm64 | 0.4.0 | 74.00 | NOTE | |||
r-oldrel-macos-x86_64 | 0.4.0 | 92.00 | NOTE | |||
r-oldrel-windows-x86_64 | 0.4.0 | 92.00 | 216.00 | 308.00 | NOTE |
Version: 0.4.0
Check: installed package size
Result: NOTE
installed size is 30.3Mb
sub-directories of 1Mb or more:
libs 19.9Mb
share 10.2Mb
Flavors: r-devel-windows-x86_64, r-release-macos-arm64, r-release-macos-x86_64, r-release-windows-x86_64, r-oldrel-macos-arm64, r-oldrel-macos-x86_64, r-oldrel-windows-x86_64