Last updated on 2025-07-08 05:49:40 CEST.
Flavor | Version | Tinstall | Tcheck | Ttotal | Status | Flags |
---|---|---|---|---|---|---|
r-devel-linux-x86_64-debian-clang | 1.16 | 123.81 | 294.17 | 417.98 | OK | |
r-devel-linux-x86_64-debian-gcc | 1.17 | 81.07 | 189.93 | 271.00 | OK | |
r-devel-linux-x86_64-fedora-clang | 1.17 | 419.75 | OK | |||
r-devel-linux-x86_64-fedora-gcc | 1.17 | 658.14 | OK | |||
r-devel-windows-x86_64 | 1.16 | 110.00 | 271.00 | 381.00 | OK | |
r-patched-linux-x86_64 | 1.16 | 126.07 | 269.48 | 395.55 | OK | |
r-release-linux-x86_64 | 1.16 | 112.35 | 272.60 | 384.95 | OK | |
r-release-macos-arm64 | 1.16 | 171.00 | OK | |||
r-release-macos-x86_64 | 1.17 | 300.00 | OK | |||
r-release-windows-x86_64 | 1.17 | 112.00 | 268.00 | 380.00 | OK | |
r-oldrel-macos-arm64 | 1.16 | 164.00 | NOTE | |||
r-oldrel-macos-x86_64 | 1.17 | 284.00 | NOTE | |||
r-oldrel-windows-x86_64 | 1.17 | 142.00 | 334.00 | 476.00 | NOTE |
Version: 1.16
Check: installed package size
Result: NOTE
installed size is 15.2Mb
sub-directories of 1Mb or more:
R 2.0Mb
libs 10.8Mb
Flavor: r-oldrel-macos-arm64
Version: 1.17
Check: installed package size
Result: NOTE
installed size is 13.7Mb
sub-directories of 1Mb or more:
R 2.0Mb
libs 9.3Mb
Flavors: r-oldrel-macos-x86_64, r-oldrel-windows-x86_64