Last updated on 2025-02-22 04:51:22 CET.
Flavor | Version | Tinstall | Tcheck | Ttotal | Status | Flags |
---|---|---|---|---|---|---|
r-devel-linux-x86_64-debian-clang | 1.1.0 | 11.55 | 382.55 | 394.10 | NOTE | |
r-devel-linux-x86_64-debian-gcc | 1.1.0 | 8.43 | 253.81 | 262.24 | NOTE | |
r-devel-linux-x86_64-fedora-clang | 1.1.0 | 619.84 | OK | |||
r-devel-linux-x86_64-fedora-gcc | 1.1.0 | 661.36 | OK | |||
r-devel-macos-arm64 | 1.1.0 | 166.00 | OK | |||
r-devel-macos-x86_64 | 1.1.0 | 397.00 | OK | |||
r-devel-windows-x86_64 | 1.1.0 | 13.00 | 355.00 | 368.00 | NOTE | |
r-patched-linux-x86_64 | 1.1.0 | 14.28 | 373.94 | 388.22 | OK | |
r-release-linux-x86_64 | 1.1.0 | 11.84 | 371.66 | 383.50 | OK | |
r-release-macos-arm64 | 1.1.0 | 168.00 | OK | |||
r-release-macos-x86_64 | 1.1.0 | 270.00 | OK | |||
r-release-windows-x86_64 | 1.1.0 | 13.00 | 361.00 | 374.00 | OK | |
r-oldrel-macos-arm64 | 1.1.0 | 169.00 | OK | |||
r-oldrel-macos-x86_64 | 1.1.0 | 340.00 | OK | |||
r-oldrel-windows-x86_64 | 1.1.0 | 15.00 | 472.00 | 487.00 | OK |
Version: 1.1.0
Check: Rd cross-references
Result: NOTE
Found the following Rd file(s) with Rd \link{} targets missing package
anchors:
ordAOV.Rd: LRTSim, RLRTSim, RLRsim, exactLRT, exactRLRT
ordGene.Rd: LRTSim, RLRTSim
ordSmooth.Rd: gam, mgcv
Please provide package anchors for all Rd \link{} targets not in the
package itself and the base packages.
Flavors: r-devel-linux-x86_64-debian-clang, r-devel-linux-x86_64-debian-gcc, r-devel-windows-x86_64