Last updated on 2024-08-25 05:49:29 CEST.
Flavor | Version | Tinstall | Tcheck | Ttotal | Status | Flags |
---|---|---|---|---|---|---|
r-devel-linux-x86_64-debian-clang | 0.11.4 | 16.38 | 100.62 | 117.00 | OK | |
r-devel-linux-x86_64-debian-gcc | 0.11.4 | 10.91 | 67.06 | 77.97 | OK | |
r-devel-linux-x86_64-fedora-clang | 0.11.4 | 187.23 | NOTE | |||
r-devel-linux-x86_64-fedora-gcc | 0.11.4 | 178.90 | OK | |||
r-devel-windows-x86_64 | 0.11.4 | 18.00 | 131.00 | 149.00 | NOTE | |
r-patched-linux-x86_64 | 0.11.4 | 16.33 | 95.49 | 111.82 | OK | |
r-release-linux-x86_64 | 0.11.4 | 13.40 | 95.19 | 108.59 | OK | |
r-release-macos-arm64 | 0.11.4 | 44.00 | NOTE | |||
r-release-macos-x86_64 | 0.11.4 | 86.00 | NOTE | |||
r-release-windows-x86_64 | 0.11.4 | 19.00 | 127.00 | 146.00 | NOTE | |
r-oldrel-macos-arm64 | 0.11.4 | 51.00 | NOTE | |||
r-oldrel-macos-x86_64 | 0.11.4 | 90.00 | NOTE | |||
r-oldrel-windows-x86_64 | 0.11.4 | 24.00 | 155.00 | 179.00 | NOTE |
Version: 0.11.4
Check: installed package size
Result: NOTE
installed size is 6.7Mb
sub-directories of 1Mb or more:
R 1.0Mb
nifti 3.8Mb
Flavors: r-devel-linux-x86_64-fedora-clang, r-devel-windows-x86_64, r-release-macos-arm64, r-release-macos-x86_64, r-release-windows-x86_64, r-oldrel-macos-arm64, r-oldrel-macos-x86_64, r-oldrel-windows-x86_64