Last updated on 2025-02-21 04:51:58 CET.
Flavor | Version | Tinstall | Tcheck | Ttotal | Status | Flags |
---|---|---|---|---|---|---|
r-devel-linux-x86_64-debian-clang | 0.5.2 | 6.25 | 85.48 | 91.73 | OK | |
r-devel-linux-x86_64-debian-gcc | 0.5.2 | 4.24 | 65.22 | 69.46 | OK | |
r-devel-linux-x86_64-fedora-clang | 0.5.2 | 135.34 | OK | |||
r-devel-linux-x86_64-fedora-gcc | 0.5.2 | 153.42 | OK | |||
r-devel-macos-arm64 | 0.5.2 | 66.00 | OK | |||
r-devel-macos-x86_64 | 0.5.2 | 106.00 | OK | |||
r-devel-windows-x86_64 | 0.5.2 | 7.00 | 126.00 | 133.00 | OK | |
r-patched-linux-x86_64 | 0.5.2 | 6.74 | 83.54 | 90.28 | OK | |
r-release-linux-x86_64 | 0.5.2 | 5.52 | 82.23 | 87.75 | OK | |
r-release-macos-arm64 | 0.5.2 | 62.00 | NOTE | |||
r-release-macos-x86_64 | 0.5.2 | 102.00 | NOTE | |||
r-release-windows-x86_64 | 0.5.2 | 9.00 | 116.00 | 125.00 | NOTE | |
r-oldrel-macos-arm64 | 0.5.2 | 68.00 | NOTE | |||
r-oldrel-macos-x86_64 | 0.5.2 | 94.00 | NOTE | |||
r-oldrel-windows-x86_64 | 0.5.2 | 10.00 | 124.00 | 134.00 | NOTE |
Version: 0.5.2
Check: installed package size
Result: NOTE
installed size is 5.3Mb
sub-directories of 1Mb or more:
data 3.5Mb
help 1.1Mb
Flavors: r-release-macos-arm64, r-release-macos-x86_64, r-release-windows-x86_64, r-oldrel-macos-arm64, r-oldrel-macos-x86_64, r-oldrel-windows-x86_64