Last updated on 2025-10-25 05:50:11 CEST.
| Flavor | Version | Tinstall | Tcheck | Ttotal | Status | Flags |
|---|---|---|---|---|---|---|
| r-devel-linux-x86_64-debian-clang | 2.0 | 3.70 | 42.22 | 45.92 | NOTE | |
| r-devel-linux-x86_64-debian-gcc | 2.0 | 2.83 | 30.66 | 33.49 | NOTE | |
| r-devel-linux-x86_64-fedora-clang | 2.0 | 68.46 | OK | |||
| r-devel-linux-x86_64-fedora-gcc | 2.0 | 66.59 | OK | |||
| r-devel-windows-x86_64 | 2.0 | 5.00 | 65.00 | 70.00 | OK | |
| r-patched-linux-x86_64 | 2.0 | 5.19 | 38.42 | 43.61 | OK | |
| r-release-linux-x86_64 | 2.0 | 3.68 | 38.87 | 42.55 | OK | |
| r-release-macos-arm64 | 2.0 | 2.00 | 20.00 | 22.00 | OK | |
| r-release-macos-x86_64 | 2.0 | 4.00 | 44.00 | 48.00 | OK | |
| r-release-windows-x86_64 | 2.0 | 6.00 | 60.00 | 66.00 | OK | |
| r-oldrel-macos-arm64 | 2.0 | 2.00 | 22.00 | 24.00 | OK | |
| r-oldrel-macos-x86_64 | 2.0 | 3.00 | 37.00 | 40.00 | OK | |
| r-oldrel-windows-x86_64 | 2.0 | 9.00 | 72.00 | 81.00 | OK |
Version: 2.0
Check: CRAN incoming feasibility
Result: NOTE
Maintainer: ‘Pietro Coretto <pcoretto@unisa.it>’
Package CITATION file contains call(s) to old-style personList() or
as.personList(). Please use c() on person objects instead.
Package CITATION file contains call(s) to old-style citEntry(). Please
use bibentry() instead.
Flavors: r-devel-linux-x86_64-debian-clang, r-devel-linux-x86_64-debian-gcc