Last updated on 2024-08-25 05:49:29 CEST.
Flavor | Version | Tinstall | Tcheck | Ttotal | Status | Flags |
---|---|---|---|---|---|---|
r-devel-linux-x86_64-debian-clang | 0.4.2 | 75.86 | 111.73 | 187.59 | OK | |
r-devel-linux-x86_64-debian-gcc | 0.4.2 | 56.60 | 77.09 | 133.69 | OK | |
r-devel-linux-x86_64-fedora-clang | 0.4.2 | 358.37 | OK | |||
r-devel-linux-x86_64-fedora-gcc | 0.4.2 | 364.66 | OK | |||
r-devel-windows-x86_64 | 0.4.2 | 88.00 | 170.00 | 258.00 | OK | |
r-patched-linux-x86_64 | 0.4.2 | 75.13 | 107.02 | 182.15 | OK | |
r-release-linux-x86_64 | 0.4.2 | 73.28 | 107.16 | 180.44 | OK | |
r-release-macos-arm64 | 0.4.2 | 78.00 | NOTE | |||
r-release-macos-x86_64 | 0.4.2 | 109.00 | NOTE | |||
r-release-windows-x86_64 | 0.4.2 | 90.00 | 169.00 | 259.00 | OK | |
r-oldrel-macos-arm64 | 0.4.2 | 106.00 | NOTE | |||
r-oldrel-macos-x86_64 | 0.4.2 | 164.00 | NOTE | |||
r-oldrel-windows-x86_64 | 0.4.2 | 104.00 | 199.00 | 303.00 | OK |
Version: 0.4.2
Check: installed package size
Result: NOTE
installed size is 5.4Mb
sub-directories of 1Mb or more:
libs 5.2Mb
Flavors: r-release-macos-arm64, r-release-macos-x86_64, r-oldrel-macos-arm64, r-oldrel-macos-x86_64