Last updated on 2025-11-16 04:48:46 CET.
| Flavor | Version | Tinstall | Tcheck | Ttotal | Status | Flags |
|---|---|---|---|---|---|---|
| r-devel-linux-x86_64-debian-clang | 0.1.0 | 14.49 | 140.16 | 154.65 | OK | |
| r-devel-linux-x86_64-debian-gcc | 0.1.0 | 12.06 | 99.84 | 111.90 | NOTE | |
| r-devel-linux-x86_64-fedora-clang | 0.1.0 | 35.00 | 202.69 | 237.69 | OK | |
| r-devel-linux-x86_64-fedora-gcc | 0.1.0 | 36.00 | 200.79 | 236.79 | OK | |
| r-devel-windows-x86_64 | 0.1.0 | 22.00 | 130.00 | 152.00 | OK | |
| r-patched-linux-x86_64 | 0.1.0 | 13.90 | 133.50 | 147.40 | OK | |
| r-release-linux-x86_64 | 0.1.0 | 13.99 | 133.19 | 147.18 | OK | |
| r-release-macos-arm64 | 0.1.0 | 6.00 | 56.00 | 62.00 | OK | |
| r-release-macos-x86_64 | 0.1.0 | 13.00 | 115.00 | 128.00 | OK | |
| r-release-windows-x86_64 | 0.1.0 | 19.00 | 131.00 | 150.00 | OK | |
| r-oldrel-macos-arm64 | 0.1.0 | 6.00 | 59.00 | 65.00 | OK | |
| r-oldrel-macos-x86_64 | 0.1.0 | 13.00 | 114.00 | 127.00 | OK | |
| r-oldrel-windows-x86_64 | 0.1.0 | 23.00 | 169.00 | 192.00 | OK |
Version: 0.1.0
Check: CRAN incoming feasibility
Result: NOTE
Maintainer: ‘Bjoern Koneswarakantha <datistics@gmail.com>’
The BugReports field in DESCRIPTION has
https://github.com/erblast/parcats/issues/
which should likely be
https://github.com/erblast/parcats/issues/issues
instead.
Flavor: r-devel-linux-x86_64-debian-gcc