CRAN Package Check Results for Package partialling.out

Last updated on 2025-11-16 04:48:46 CET.

Flavor Version Tinstall Tcheck Ttotal Status Flags
r-devel-linux-x86_64-debian-clang 0.2.0 7.66 89.55 97.21 OK
r-devel-linux-x86_64-debian-gcc 0.2.0 6.33 63.88 70.21 NOTE
r-devel-linux-x86_64-fedora-clang 0.2.0 18.00 123.30 141.30 OK
r-devel-linux-x86_64-fedora-gcc 0.2.0 15.00 138.88 153.88 OK
r-devel-windows-x86_64 0.2.0 12.00 89.00 101.00 OK
r-patched-linux-x86_64 0.2.0 8.46 81.61 90.07 OK
r-release-linux-x86_64 0.2.0 7.86 81.07 88.93 OK
r-release-macos-arm64 0.2.0 4.00 44.00 48.00 OK
r-release-macos-x86_64 0.2.0 8.00 90.00 98.00 OK
r-release-windows-x86_64 0.2.0 10.00 88.00 98.00 OK
r-oldrel-macos-arm64 0.2.0 6.00 89.00 95.00 OK
r-oldrel-macos-x86_64 0.2.0 10.00 91.00 101.00 OK
r-oldrel-windows-x86_64 0.2.0 14.00 112.00 126.00 OK

Check Details

Version: 0.2.0
Check: CRAN incoming feasibility
Result: NOTE Maintainer: ‘Marc Bosch-Matas <mboschmatas@gmail.com>’ The BugReports field in DESCRIPTION has https://github.com/ropensci/partialling.out/issues/ which should likely be https://github.com/ropensci/partialling.out/issues/issues instead. Flavor: r-devel-linux-x86_64-debian-gcc