Last updated on 2024-08-25 05:49:29 CEST.
Flavor | Version | Tinstall | Tcheck | Ttotal | Status | Flags |
---|---|---|---|---|---|---|
r-devel-linux-x86_64-debian-clang | 0.2.0 | 2.38 | 31.30 | 33.68 | NOTE | |
r-devel-linux-x86_64-debian-gcc | 0.2.0 | 1.70 | 24.70 | 26.40 | NOTE | |
r-devel-linux-x86_64-fedora-clang | 0.2.0 | 54.69 | NOTE | |||
r-devel-linux-x86_64-fedora-gcc | 0.2.0 | 65.19 | NOTE | |||
r-devel-windows-x86_64 | 0.2.0 | 4.00 | 56.00 | 60.00 | NOTE | |
r-patched-linux-x86_64 | 0.2.0 | 2.50 | 30.19 | 32.69 | NOTE | |
r-release-linux-x86_64 | 0.2.0 | 2.00 | 30.38 | 32.38 | NOTE | |
r-release-macos-arm64 | 0.2.0 | 28.00 | NOTE | |||
r-release-macos-x86_64 | 0.2.0 | 36.00 | NOTE | |||
r-release-windows-x86_64 | 0.2.0 | 3.00 | 56.00 | 59.00 | NOTE | |
r-oldrel-macos-arm64 | 0.2.0 | 28.00 | NOTE | |||
r-oldrel-macos-x86_64 | 0.2.0 | 40.00 | NOTE | |||
r-oldrel-windows-x86_64 | 0.2.0 | 3.00 | 59.00 | 62.00 | NOTE |
Version: 0.2.0
Check: Rd files
Result: NOTE
checkRd: (-1) as_config.Rd:32: Lost braces; missing escapes or markup?
32 | with `{config}` package, which requires existence of default key.
| ^
checkRd: (-1) as_config.Rd:28: Lost braces; missing escapes or markup?
28 | list compatible with `{config}` package
| ^
Flavors: r-devel-linux-x86_64-debian-clang, r-devel-linux-x86_64-debian-gcc, r-devel-linux-x86_64-fedora-clang, r-devel-linux-x86_64-fedora-gcc, r-devel-windows-x86_64, r-patched-linux-x86_64, r-release-linux-x86_64, r-release-macos-arm64, r-release-macos-x86_64, r-release-windows-x86_64
Version: 0.2.0
Check: LazyData
Result: NOTE
'LazyData' is specified without a 'data' directory
Flavors: r-devel-linux-x86_64-debian-clang, r-devel-linux-x86_64-debian-gcc, r-devel-linux-x86_64-fedora-clang, r-devel-linux-x86_64-fedora-gcc, r-devel-windows-x86_64, r-patched-linux-x86_64, r-release-linux-x86_64, r-release-macos-arm64, r-release-macos-x86_64, r-release-windows-x86_64, r-oldrel-macos-arm64, r-oldrel-macos-x86_64, r-oldrel-windows-x86_64
Version: 0.2.0
Check: dependencies in R code
Result: NOTE
Namespace in Imports field not imported from: ‘logger’
All declared Imports should be used.
Flavors: r-devel-linux-x86_64-fedora-clang, r-devel-linux-x86_64-fedora-gcc