Last updated on 2024-08-25 05:49:29 CEST.
Flavor | Version | Tinstall | Tcheck | Ttotal | Status | Flags |
---|---|---|---|---|---|---|
r-devel-linux-x86_64-debian-clang | 4.3.5 | 52.93 | 44.10 | 97.03 | OK | |
r-devel-linux-x86_64-debian-gcc | 4.3.5 | 37.77 | 33.62 | 71.39 | OK | |
r-devel-linux-x86_64-fedora-clang | 4.3.5 | 180.25 | OK | |||
r-devel-linux-x86_64-fedora-gcc | 4.3.5 | 180.38 | OK | |||
r-devel-windows-x86_64 | 4.3.5 | 88.00 | 83.00 | 171.00 | OK | |
r-patched-linux-x86_64 | 4.3.5 | 54.09 | 42.27 | 96.36 | OK | |
r-release-linux-x86_64 | 4.3.5 | 50.67 | 41.96 | 92.63 | OK | |
r-release-macos-arm64 | 4.3.5 | 46.00 | NOTE | |||
r-release-macos-x86_64 | 4.3.5 | 56.00 | NOTE | |||
r-release-windows-x86_64 | 4.3.5 | 91.00 | 83.00 | 174.00 | OK | |
r-oldrel-macos-arm64 | 4.3.5 | 51.00 | NOTE | |||
r-oldrel-macos-x86_64 | 4.3.5 | 70.00 | NOTE | |||
r-oldrel-windows-x86_64 | 4.3.5 | 103.00 | 99.00 | 202.00 | OK |
Version: 4.3.5
Check: installed package size
Result: NOTE
installed size is 5.9Mb
sub-directories of 1Mb or more:
extdata 2.7Mb
libs 2.5Mb
Flavors: r-release-macos-arm64, r-release-macos-x86_64, r-oldrel-macos-arm64, r-oldrel-macos-x86_64