Last updated on 2025-11-16 04:48:46 CET.
| Flavor | Version | Tinstall | Tcheck | Ttotal | Status | Flags |
|---|---|---|---|---|---|---|
| r-devel-linux-x86_64-debian-clang | 1.3.1 | 25.26 | 611.31 | 636.57 | OK | |
| r-devel-linux-x86_64-debian-gcc | 1.3.1 | 18.66 | 442.52 | 461.18 | OK | |
| r-devel-linux-x86_64-fedora-clang | 1.3.1 | 224.00 | 884.82 | 1108.82 | OK | |
| r-devel-linux-x86_64-fedora-gcc | 1.3.1 | 191.00 | 923.48 | 1114.48 | OK | |
| r-devel-windows-x86_64 | 1.3.1 | 35.00 | 562.00 | 597.00 | OK | |
| r-patched-linux-x86_64 | 1.3.1 | 30.31 | 599.36 | 629.67 | OK | |
| r-release-linux-x86_64 | 1.3.1 | 27.72 | 596.67 | 624.39 | OK | |
| r-release-macos-arm64 | 1.3.1 | 11.00 | 238.00 | 249.00 | OK | |
| r-release-macos-x86_64 | 1.3.1 | 23.00 | 533.00 | 556.00 | OK | |
| r-release-windows-x86_64 | 1.3.1 | 31.00 | 573.00 | 604.00 | OK | |
| r-oldrel-macos-arm64 | 1.3.1 | 12.00 | 242.00 | 254.00 | NOTE | |
| r-oldrel-macos-x86_64 | 1.3.1 | 24.00 | 533.00 | 557.00 | NOTE | |
| r-oldrel-windows-x86_64 | 1.3.1 | 42.00 | 728.00 | 770.00 | NOTE |
Version: 1.3.1
Check: package dependencies
Result: NOTE
Package suggested but not available for checking: ‘cmdstanr’
Flavors: r-oldrel-macos-arm64, r-oldrel-macos-x86_64, r-oldrel-windows-x86_64