Last updated on 2024-08-25 05:49:29 CEST.
Flavor | Version | Tinstall | Tcheck | Ttotal | Status | Flags |
---|---|---|---|---|---|---|
r-devel-linux-x86_64-debian-clang | 0.9-52 | 59.40 | 99.08 | 158.48 | NOTE | |
r-devel-linux-x86_64-debian-gcc | 0.9-52 | 43.38 | 68.84 | 112.22 | NOTE | |
r-devel-linux-x86_64-fedora-clang | 0.9-52 | 274.89 | NOTE | |||
r-devel-linux-x86_64-fedora-gcc | 0.9-52 | 294.78 | NOTE | |||
r-devel-windows-x86_64 | 0.9-52 | 62.00 | 142.00 | 204.00 | NOTE | |
r-patched-linux-x86_64 | 0.9-52 | 61.59 | 94.67 | 156.26 | NOTE | |
r-release-linux-x86_64 | 0.9-52 | 62.31 | 93.58 | 155.89 | NOTE | |
r-release-macos-arm64 | 0.9-52 | 80.00 | NOTE | |||
r-release-macos-x86_64 | 0.9-52 | 138.00 | NOTE | |||
r-release-windows-x86_64 | 0.9-52 | 63.00 | 142.00 | 205.00 | NOTE | |
r-oldrel-macos-arm64 | 0.9-52 | 103.00 | NOTE | |||
r-oldrel-macos-x86_64 | 0.9-52 | 173.00 | NOTE | |||
r-oldrel-windows-x86_64 | 0.9-52 | 77.00 | 160.00 | 237.00 | NOTE |
Version: 0.9-52
Check: C++ specification
Result: NOTE
Specified C++11: please drop specification unless essential
Flavors: r-devel-linux-x86_64-debian-clang, r-devel-linux-x86_64-debian-gcc, r-devel-linux-x86_64-fedora-clang, r-devel-linux-x86_64-fedora-gcc, r-devel-windows-x86_64, r-patched-linux-x86_64, r-release-linux-x86_64, r-release-macos-arm64, r-release-macos-x86_64, r-release-windows-x86_64, r-oldrel-macos-arm64, r-oldrel-macos-x86_64, r-oldrel-windows-x86_64
Version: 0.9-52
Check: Rd files
Result: NOTE
checkRd: (-1) breslow.Rd:27: Escaped LaTeX specials: \# \#
Flavors: r-devel-linux-x86_64-debian-clang, r-devel-linux-x86_64-debian-gcc, r-devel-linux-x86_64-fedora-clang, r-devel-linux-x86_64-fedora-gcc, r-devel-windows-x86_64, r-patched-linux-x86_64, r-release-linux-x86_64, r-release-macos-arm64, r-release-macos-x86_64, r-release-windows-x86_64, r-oldrel-macos-arm64, r-oldrel-macos-x86_64, r-oldrel-windows-x86_64
Version: 0.9-52
Check: installed package size
Result: NOTE
installed size is 6.0Mb
sub-directories of 1Mb or more:
libs 5.1Mb
Flavors: r-release-macos-arm64, r-release-macos-x86_64, r-oldrel-macos-arm64, r-oldrel-macos-x86_64