CRAN Package Check Results for Package pencopulaCond

Last updated on 2025-11-16 04:48:47 CET.

Flavor Version Tinstall Tcheck Ttotal Status Flags
r-devel-linux-x86_64-debian-clang 0.2 17.98 115.96 133.94 NOTE
r-devel-linux-x86_64-debian-gcc 0.2 11.19 80.55 91.74 NOTE
r-devel-linux-x86_64-fedora-clang 0.2 35.00 177.70 212.70 NOTE
r-devel-linux-x86_64-fedora-gcc 0.2 34.00 161.10 195.10 NOTE
r-devel-windows-x86_64 0.2 23.00 115.00 138.00 NOTE
r-patched-linux-x86_64 0.2 14.54 110.83 125.37 NOTE
r-release-linux-x86_64 0.2 16.18 111.02 127.20 NOTE
r-release-macos-arm64 0.2 6.00 44.00 50.00 NOTE
r-release-macos-x86_64 0.2 14.00 80.00 94.00 NOTE
r-release-windows-x86_64 0.2 18.00 111.00 129.00 NOTE
r-oldrel-macos-arm64 0.2 7.00 40.00 47.00 NOTE
r-oldrel-macos-x86_64 0.2 10.00 59.00 69.00 NOTE
r-oldrel-windows-x86_64 0.2 26.00 139.00 165.00 NOTE

Check Details

Version: 0.2
Check: CRAN incoming feasibility
Result: NOTE Maintainer: ‘Christian Schellhase <cschellhase@wiwi.uni-bielefeld.de>’ No Authors@R field in DESCRIPTION. Please add one, modifying Authors@R: person(given = "Christian", family = "Schellhase", role = c("aut", "cre"), email = "cschellhase@wiwi.uni-bielefeld.de") as necessary. Flavors: r-devel-linux-x86_64-debian-clang, r-devel-linux-x86_64-debian-gcc

Version: 0.2
Check: Rd files
Result: NOTE checkRd: (-1) my.bspline.Rd:38: Escaped LaTeX specials: \$ \$ \$ Flavors: r-devel-linux-x86_64-debian-clang, r-devel-linux-x86_64-debian-gcc, r-devel-linux-x86_64-fedora-clang, r-devel-linux-x86_64-fedora-gcc, r-devel-windows-x86_64, r-patched-linux-x86_64, r-release-linux-x86_64, r-release-macos-arm64, r-release-macos-x86_64, r-release-windows-x86_64, r-oldrel-macos-arm64, r-oldrel-macos-x86_64, r-oldrel-windows-x86_64