Last updated on 2025-10-25 05:50:12 CEST.
| Flavor | Version | Tinstall | Tcheck | Ttotal | Status | Flags |
|---|---|---|---|---|---|---|
| r-devel-linux-x86_64-debian-clang | 0.1.1 | 9.49 | 104.83 | 114.32 | NOTE | |
| r-devel-linux-x86_64-debian-gcc | 0.1.1 | 6.58 | 71.55 | 78.13 | NOTE | |
| r-devel-linux-x86_64-fedora-clang | 0.1.1 | 45.00 | 144.06 | 189.06 | OK | |
| r-devel-linux-x86_64-fedora-gcc | 0.1.1 | 21.00 | 160.20 | 181.20 | OK | |
| r-devel-windows-x86_64 | 0.1.1 | 12.00 | 117.00 | 129.00 | OK | |
| r-patched-linux-x86_64 | 0.1.1 | 9.48 | 99.32 | 108.80 | OK | |
| r-release-linux-x86_64 | 0.1.1 | 8.61 | 97.40 | 106.01 | OK | |
| r-release-macos-arm64 | 0.1.1 | 4.00 | 54.00 | 58.00 | OK | |
| r-release-macos-x86_64 | 0.1.1 | 8.00 | 101.00 | 109.00 | OK | |
| r-release-windows-x86_64 | 0.1.1 | 12.00 | 119.00 | 131.00 | OK | |
| r-oldrel-macos-arm64 | 0.1.1 | 3.00 | 48.00 | 51.00 | OK | |
| r-oldrel-macos-x86_64 | 0.1.1 | 6.00 | 81.00 | 87.00 | OK | |
| r-oldrel-windows-x86_64 | 0.1.1 | 15.00 | 152.00 | 167.00 | OK |
Version: 0.1.1
Check: CRAN incoming feasibility
Result: NOTE
Maintainer: ‘Elena Geminiani <geminianielena@gmail.com>’
Package CITATION file contains call(s) to old-style citEntry(). Please
use bibentry() instead.
Flavors: r-devel-linux-x86_64-debian-clang, r-devel-linux-x86_64-debian-gcc