Last updated on 2025-10-25 05:50:12 CEST.
| Flavor | Version | Tinstall | Tcheck | Ttotal | Status | Flags |
|---|---|---|---|---|---|---|
| r-devel-linux-x86_64-debian-clang | 1.2.0 | 7.39 | 79.16 | 86.55 | NOTE | |
| r-devel-linux-x86_64-debian-gcc | 1.2.0 | 5.53 | 57.21 | 62.74 | NOTE | |
| r-devel-linux-x86_64-fedora-clang | 1.2.0 | 19.00 | 106.06 | 125.06 | OK | |
| r-devel-linux-x86_64-fedora-gcc | 1.2.0 | 15.00 | 123.31 | 138.31 | OK | |
| r-devel-windows-x86_64 | 1.2.0 | 8.00 | 97.00 | 105.00 | OK | |
| r-patched-linux-x86_64 | 1.2.0 | 6.21 | 72.97 | 79.18 | OK | |
| r-release-linux-x86_64 | 1.2.0 | 6.57 | 74.71 | 81.28 | OK | |
| r-release-macos-arm64 | 1.2.0 | 3.00 | 45.00 | 48.00 | OK | |
| r-release-macos-x86_64 | 1.2.0 | 5.00 | 73.00 | 78.00 | OK | |
| r-release-windows-x86_64 | 1.2.0 | 9.00 | 92.00 | 101.00 | OK | |
| r-oldrel-macos-arm64 | 1.2.0 | 3.00 | 41.00 | 44.00 | OK | |
| r-oldrel-macos-x86_64 | 1.2.0 | 6.00 | 89.00 | 95.00 | OK | |
| r-oldrel-windows-x86_64 | 1.2.0 | 11.00 | 112.00 | 123.00 | OK |
Version: 1.2.0
Check: CRAN incoming feasibility
Result: NOTE
Maintainer: ‘Seyma Kalay <seymakalay@hotmail.com>’
No Authors@R field in DESCRIPTION.
Please add one, modifying
Authors@R: person(given = "Seyma",
family = "Kalay",
role = c("aut", "cre"),
email = "seymakalay@hotmail.com")
as necessary.
Flavors: r-devel-linux-x86_64-debian-clang, r-devel-linux-x86_64-debian-gcc