Last updated on 2025-10-25 05:50:12 CEST.
| Flavor | Version | Tinstall | Tcheck | Ttotal | Status | Flags |
|---|---|---|---|---|---|---|
| r-devel-linux-x86_64-debian-clang | 0.0.1 | 12.19 | 28.06 | 40.25 | NOTE | |
| r-devel-linux-x86_64-debian-gcc | 0.0.1 | 9.08 | 22.95 | 32.03 | NOTE | |
| r-devel-linux-x86_64-fedora-clang | 0.0.1 | 32.00 | 31.56 | 63.56 | OK | |
| r-devel-linux-x86_64-fedora-gcc | 0.0.1 | 34.00 | 30.46 | 64.46 | OK | |
| r-devel-windows-x86_64 | 0.0.1 | 15.00 | 62.00 | 77.00 | OK | |
| r-patched-linux-x86_64 | 0.0.1 | 13.67 | 26.71 | 40.38 | OK | |
| r-release-linux-x86_64 | 0.0.1 | 13.84 | 26.54 | 40.38 | OK | |
| r-release-macos-arm64 | 0.0.1 | 4.00 | 19.00 | 23.00 | OK | |
| r-release-macos-x86_64 | 0.0.1 | 8.00 | 33.00 | 41.00 | OK | |
| r-release-windows-x86_64 | 0.0.1 | 15.00 | 65.00 | 80.00 | OK | |
| r-oldrel-macos-arm64 | 0.0.1 | 5.00 | 16.00 | 21.00 | OK | |
| r-oldrel-macos-x86_64 | 0.0.1 | 8.00 | 22.00 | 30.00 | OK | |
| r-oldrel-windows-x86_64 | 0.0.1 | 16.00 | 75.00 | 91.00 | OK |
Version: 0.0.1
Check: CRAN incoming feasibility
Result: NOTE
Maintainer: ‘Fabio Demarqui <fndemarqui@est.ufmg.br>’
Package CITATION file contains call(s) to old-style personList() or
as.personList(). Please use c() on person objects instead.
Package CITATION file contains call(s) to old-style citEntry(). Please
use bibentry() instead.
Flavors: r-devel-linux-x86_64-debian-clang, r-devel-linux-x86_64-debian-gcc