Last updated on 2025-10-25 05:50:12 CEST.
| Flavor | Version | Tinstall | Tcheck | Ttotal | Status | Flags |
|---|---|---|---|---|---|---|
| r-devel-linux-x86_64-debian-clang | 1.0.5 | 2.44 | 58.38 | 60.82 | NOTE | |
| r-devel-linux-x86_64-debian-gcc | 1.0.5 | 1.83 | 43.39 | 45.22 | NOTE | |
| r-devel-linux-x86_64-fedora-clang | 1.0.5 | 97.92 | OK | |||
| r-devel-linux-x86_64-fedora-gcc | 1.0.5 | 109.83 | OK | |||
| r-devel-windows-x86_64 | 1.0.5 | 5.00 | 85.00 | 90.00 | OK | |
| r-patched-linux-x86_64 | 1.0.5 | 2.20 | 55.48 | 57.68 | OK | |
| r-release-linux-x86_64 | 1.0.5 | 2.34 | 55.65 | 57.99 | OK | |
| r-release-macos-arm64 | 1.0.5 | 2.00 | 39.00 | 41.00 | OK | |
| r-release-macos-x86_64 | 1.0.5 | 3.00 | 70.00 | 73.00 | OK | |
| r-release-windows-x86_64 | 1.0.5 | 5.00 | 73.00 | 78.00 | OK | |
| r-oldrel-macos-arm64 | 1.0.5 | 1.00 | 36.00 | 37.00 | OK | |
| r-oldrel-macos-x86_64 | 1.0.5 | 2.00 | 54.00 | 56.00 | OK | |
| r-oldrel-windows-x86_64 | 1.0.5 | 7.00 | 91.00 | 98.00 | OK |
Version: 1.0.5
Check: CRAN incoming feasibility
Result: NOTE
Maintainer: ‘Jorge Cimentada <cimentadaj@gmail.com>’
Package CITATION file contains call(s) to old-style citEntry(). Please
use bibentry() instead.
Flavors: r-devel-linux-x86_64-debian-clang, r-devel-linux-x86_64-debian-gcc