Last updated on 2024-07-22 05:49:59 CEST.
Flavor | Version | Tinstall | Tcheck | Ttotal | Status | Flags |
---|---|---|---|---|---|---|
r-devel-linux-x86_64-debian-clang | 0.1-34 | 54.18 | 83.91 | 138.09 | NOTE | |
r-devel-linux-x86_64-debian-gcc | 0.1-34 | 39.02 | 62.58 | 101.60 | NOTE | |
r-devel-linux-x86_64-fedora-clang | 0.1-34 | 162.82 | NOTE | |||
r-devel-linux-x86_64-fedora-gcc | 0.1-34 | 189.18 | NOTE | |||
r-devel-windows-x86_64 | 0.1-34 | 68.00 | 119.00 | 187.00 | NOTE | |
r-patched-linux-x86_64 | 0.1-34 | 51.13 | 80.00 | 131.13 | NOTE | |
r-release-linux-x86_64 | 0.1-34 | 50.60 | 80.09 | 130.69 | NOTE | |
r-release-macos-arm64 | 0.1-34 | 55.00 | NOTE | |||
r-release-macos-x86_64 | 0.1-34 | 81.00 | NOTE | |||
r-release-windows-x86_64 | 0.1-34 | 65.00 | 118.00 | 183.00 | NOTE | |
r-oldrel-macos-arm64 | 0.1-34 | 87.00 | OK | |||
r-oldrel-macos-x86_64 | 0.1-34 | 99.00 | OK | |||
r-oldrel-windows-x86_64 | 0.1-34 | 77.00 | 120.00 | 197.00 | OK |
Version: 0.1-34
Check: Rd files
Result: NOTE
checkRd: (-1) 11_d.init.method.Rd:22-23: Lost braces in \itemize; meant \describe ?
checkRd: (-1) 11_d.init.method.Rd:24-25: Lost braces in \itemize; meant \describe ?
checkRd: (-1) 11_d.init.method.Rd:26-27: Lost braces in \itemize; meant \describe ?
checkRd: (-1) 11_d.init.method.Rd:28-29: Lost braces in \itemize; meant \describe ?
checkRd: (-1) 11_d.init.method.Rd:30-31: Lost braces in \itemize; meant \describe ?
checkRd: (-1) 11_d.init.method.Rd:32: Lost braces in \itemize; meant \describe ?
checkRd: (-1) 11_d.init.procedure.Rd:21-23: Lost braces in \itemize; meant \describe ?
checkRd: (-1) 11_d.init.procedure.Rd:24-26: Lost braces in \itemize; meant \describe ?
checkRd: (-1) 11_d.init.procedure.Rd:27-30: Lost braces in \itemize; meant \describe ?
checkRd: (-1) 11_d.init.procedure.Rd:31-35: Lost braces in \itemize; meant \describe ?
checkRd: (-1) as.star.tree.Rd:26: Lost braces in \itemize; meant \describe ?
checkRd: (-1) as.star.tree.Rd:27: Lost braces in \itemize; meant \describe ?
checkRd: (-1) as.star.tree.Rd:28: Lost braces in \itemize; meant \describe ?
checkRd: (-1) as.star.tree.Rd:29: Lost braces in \itemize; meant \describe ?
Flavors: r-devel-linux-x86_64-debian-clang, r-devel-linux-x86_64-debian-gcc, r-devel-linux-x86_64-fedora-clang, r-devel-linux-x86_64-fedora-gcc, r-devel-windows-x86_64, r-patched-linux-x86_64, r-release-linux-x86_64, r-release-macos-arm64, r-release-macos-x86_64, r-release-windows-x86_64