Last updated on 2024-07-22 05:49:59 CEST.
Flavor | Version | Tinstall | Tcheck | Ttotal | Status | Flags |
---|---|---|---|---|---|---|
r-devel-linux-x86_64-debian-clang | 2.1.2 | 13.37 | 96.71 | 110.08 | OK | |
r-devel-linux-x86_64-debian-gcc | 2.1.2 | 9.64 | 72.35 | 81.99 | NOTE | |
r-devel-linux-x86_64-fedora-clang | 2.1.2 | 139.64 | OK | |||
r-devel-linux-x86_64-fedora-gcc | 2.1.2 | 127.82 | OK | |||
r-devel-windows-x86_64 | 2.1.2 | 12.00 | 90.00 | 102.00 | NOTE | |
r-patched-linux-x86_64 | 2.1.2 | 19.68 | 93.17 | 112.85 | OK | |
r-release-linux-x86_64 | 2.1.2 | 7.83 | 92.80 | 100.63 | OK | |
r-release-macos-arm64 | 2.1.2 | 39.00 | OK | |||
r-release-macos-x86_64 | 2.1.2 | 66.00 | OK | |||
r-release-windows-x86_64 | 2.1.2 | 12.00 | 90.00 | 102.00 | OK | |
r-oldrel-macos-arm64 | 2.1.2 | 42.00 | OK | |||
r-oldrel-macos-x86_64 | 2.1.2 | 57.00 | OK | |||
r-oldrel-windows-x86_64 | 2.1.2 | 15.00 | 102.00 | 117.00 | OK |
Version: 2.1.2
Check: Rd cross-references
Result: NOTE
Found the following Rd file(s) with Rd \link{} targets missing package
anchors:
makeEpiRecord.Rd: simNHP.fun
Please provide package anchors for all Rd \link{} targets not in the
package itself and the base packages.
Flavors: r-devel-linux-x86_64-debian-gcc, r-devel-windows-x86_64