Last updated on 2025-10-25 05:50:12 CEST.
| Flavor | Version | Tinstall | Tcheck | Ttotal | Status | Flags |
|---|---|---|---|---|---|---|
| r-devel-linux-x86_64-debian-clang | 0.2.3 | 11.50 | 163.30 | 174.80 | NOTE | |
| r-devel-linux-x86_64-debian-gcc | 0.2.3 | 9.62 | 122.40 | 132.02 | NOTE | |
| r-devel-linux-x86_64-fedora-clang | 0.2.3 | 29.00 | 224.55 | 253.55 | NOTE | |
| r-devel-linux-x86_64-fedora-gcc | 0.2.3 | 26.00 | 245.96 | 271.96 | NOTE | |
| r-devel-windows-x86_64 | 0.2.3 | 16.00 | 147.00 | 163.00 | NOTE | |
| r-patched-linux-x86_64 | 0.2.3 | 11.29 | 159.67 | 170.96 | NOTE | |
| r-release-linux-x86_64 | 0.2.3 | 11.06 | 158.77 | 169.83 | NOTE | |
| r-release-macos-arm64 | 0.2.3 | 5.00 | 63.00 | 68.00 | NOTE | |
| r-release-macos-x86_64 | 0.2.3 | 10.00 | 148.00 | 158.00 | NOTE | |
| r-release-windows-x86_64 | 0.2.3 | 15.00 | 147.00 | 162.00 | NOTE | |
| r-oldrel-macos-arm64 | 0.2.3 | 5.00 | 62.00 | 67.00 | NOTE | |
| r-oldrel-macos-x86_64 | 0.2.3 | 8.00 | 93.00 | 101.00 | NOTE | |
| r-oldrel-windows-x86_64 | 0.2.3 | 19.00 | 189.00 | 208.00 | NOTE |
Version: 0.2.3
Check: package subdirectories
Result: NOTE
Problems with news in ‘NEWS.md’:
No news entries found.
Flavors: r-devel-linux-x86_64-debian-clang, r-devel-linux-x86_64-debian-gcc, r-devel-linux-x86_64-fedora-clang, r-devel-linux-x86_64-fedora-gcc, r-devel-windows-x86_64, r-patched-linux-x86_64, r-release-linux-x86_64, r-release-macos-arm64, r-release-macos-x86_64, r-release-windows-x86_64, r-oldrel-macos-arm64, r-oldrel-macos-x86_64, r-oldrel-windows-x86_64